74.125.151.199 - - [16/Jun/2026:14:39:27 +0200] "GET /wp-content/uploads/complianz/css/banner-1-optin.css?v=511 HTTP/1.1" 200 2862 "https://reggio-emilia.elettroservicegroup.it/1/" "AdsBot-Google (+http://www.google.com/adsbot.html)"
74.125.151.199 - - [16/Jun/2026:14:39:27 +0200] "GET /wp-json/complianz/v1/cookie_data HTTP/1.1" 200 82 "https://reggio-emilia.elettroservicegroup.it/1/" "AdsBot-Google (+http://www.google.com/adsbot.html)"
65.108.235.243 - - [16/Jun/2026:14:39:29 +0200] "GET /assistenza-lavatrici-bosch-rubiera/ HTTP/1.1" 200 22993 "-" "WP Fastest Cache Preload Bot"
65.108.235.243 - - [16/Jun/2026:14:39:32 +0200] "GET /assistenza-lavatrici-bosch-scandiano/ HTTP/1.1" 200 22999 "-" "WP Fastest Cache Preload Bot"
65.108.235.243 - - [16/Jun/2026:14:39:35 +0200] "GET /assistenza-lavatrici-bosch-santilario-denza/ HTTP/1.1" 200 23064 "-" "WP Fastest Cache Preload Bot"
65.108.235.243 - - [16/Jun/2026:14:39:36 +0200] "GET /assistenza-lavatrici-bosch-guastalla/ HTTP/1.1" 200 22996 "-" "WP Fastest Cache Preload Bot"
74.125.151.199 - - [16/Jun/2026:14:39:47 +0200] "GET /wp-content/plugins/elementor/assets/css/conditionals/dialog.min.css?ver=4.1.3 HTTP/1.1" 200 1428 "https://reggio-emilia.elettroservicegroup.it/1/" "AdsBot-Google (+http://www.google.com/adsbot.html)"
74.125.151.199 - - [16/Jun/2026:14:39:47 +0200] "GET /wp-content/plugins/elementor/assets/css/conditionals/lightbox.min.css?ver=4.1.3 HTTP/1.1" 200 1760 "https://reggio-emilia.elettroservicegroup.it/1/" "AdsBot-Google (+http://www.google.com/adsbot.html)"
74.125.151.199 - - [16/Jun/2026:14:39:47 +0200] "GET /wp-content/plugins/elementor/assets/lib/share-link/share-link.min.js?ver=4.1.3 HTTP/1.1" 200 1077 "https://reggio-emilia.elettroservicegroup.it/1/" "AdsBot-Google (+http://www.google.com/adsbot.html)"
74.125.151.199 - - [16/Jun/2026:14:39:48 +0200] "GET /wp-content/plugins/elementor/assets/lib/swiper/v8/css/swiper.min.css?ver=8.4.5 HTTP/1.1" 200 4251 "https://reggio-emilia.elettroservicegroup.it/1/" "AdsBot-Google (+http://www.google.com/adsbot.html)"
74.125.151.199 - - [16/Jun/2026:14:39:48 +0200] "GET /wp-content/plugins/elementor/assets/lib/dialog/dialog.min.js?ver=4.9.3 HTTP/1.1" 200 3595 "https://reggio-emilia.elettroservicegroup.it/1/" "AdsBot-Google (+http://www.google.com/adsbot.html)"
74.125.151.199 - - [16/Jun/2026:14:39:48 +0200] "GET /wp-content/plugins/elementor/assets/js/shared-frontend-handlers.03caa53373b56d3bab67.bundle.min.js HTTP/1.1" 200 2515 "https://reggio-emilia.elettroservicegroup.it/1/" "AdsBot-Google (+http://www.google.com/adsbot.html)"
74.125.151.199 - - [16/Jun/2026:14:39:48 +0200] "GET /wp-content/plugins/elementor/assets/js/text-editor.45609661e409413f1cef.bundle.min.js HTTP/1.1" 200 592 "https://reggio-emilia.elettroservicegroup.it/1/" "AdsBot-Google (+http://www.google.com/adsbot.html)"
74.125.151.199 - - [16/Jun/2026:14:39:49 +0200] "GET /wp-content/plugins/elementor/assets/js/section-frontend-handlers.d85ab872da118940910d.bundle.min.js HTTP/1.1" 200 230 "https://reggio-emilia.elettroservicegroup.it/1/" "AdsBot-Google (+http://www.google.com/adsbot.html)"
74.125.151.199 - - [16/Jun/2026:14:39:49 +0200] "GET /wp-content/plugins/elementor/assets/js/397f2d183c19202777d6.bundle.min.js HTTP/1.1" 200 8477 "https://reggio-emilia.elettroservicegroup.it/1/" "AdsBot-Google (+http://www.google.com/adsbot.html)"
74.125.151.199 - - [16/Jun/2026:14:39:49 +0200] "GET /wp-content/plugins/elementor/assets/js/lightbox.570c05c5a283cfb6b223.bundle.min.js HTTP/1.1" 200 9102 "https://reggio-emilia.elettroservicegroup.it/1/" "AdsBot-Google (+http://www.google.com/adsbot.html)"
74.125.151.199 - - [16/Jun/2026:14:41:04 +0200] "GET /wp-content/uploads/elementor/css/post-17763.css?ver=1781557772 HTTP/1.1" 200 2067 "https://reggio-emilia.elettroservicegroup.it/assistenza-lavastoviglie-smeg-guastalla/" "AdsBot-Google (+http://www.google.com/adsbot.html)"
74.125.151.201 - - [16/Jun/2026:14:41:05 +0200] "GET /wp-content/themes/generatepress/assets/css/main.min.css?ver=3.6.1 HTTP/1.1" 200 4410 "https://reggio-emilia.elettroservicegroup.it/assistenza-lavastoviglie-smeg-guastalla/" "AdsBot-Google (+http://www.google.com/adsbot.html)"
74.125.151.200 - - [16/Jun/2026:14:41:05 +0200] "GET /wp-content/plugins/all-in-one-seo-pack/dist/Lite/assets/css/table-of-contents/global.e90f6d47.css?ver=4.9.8 HTTP/1.1" 200 420 "https://reggio-emilia.elettroservicegroup.it/assistenza-lavastoviglie-smeg-guastalla/" "AdsBot-Google (+http://www.google.com/adsbot.html)"
74.125.151.201 - - [16/Jun/2026:14:41:05 +0200] "GET /wp-content/plugins/elementor/assets/lib/animations/styles/bounceIn.min.css?ver=4.1.3 HTTP/1.1" 200 186 "https://reggio-emilia.elettroservicegroup.it/assistenza-lavastoviglie-smeg-guastalla/" "AdsBot-Google (+http://www.google.com/adsbot.html)"
74.125.151.199 - - [16/Jun/2026:14:41:05 +0200] "GET /wp-content/plugins/elementor/assets/css/frontend.min.css?ver=4.1.3 HTTP/1.1" 200 6618 "https://reggio-emilia.elettroservicegroup.it/assistenza-lavastoviglie-smeg-guastalla/" "AdsBot-Google (+http://www.google.com/adsbot.html)"
74.125.151.201 - - [16/Jun/2026:14:41:05 +0200] "GET /wp-content/plugins/gp-premium/menu-plus/functions/js/sticky.min.js?ver=2.5.5 HTTP/1.1" 200 2670 "https://reggio-emilia.elettroservicegroup.it/assistenza-lavastoviglie-smeg-guastalla/" "AdsBot-Google (+http://www.google.com/adsbot.html)"
74.125.151.200 - - [16/Jun/2026:14:41:06 +0200] "GET /wp-content/plugins/elementor/assets/css/widget-spacer.min.css?ver=4.1.3 HTTP/1.1" 200 287 "https://reggio-emilia.elettroservicegroup.it/assistenza-lavastoviglie-smeg-guastalla/" "AdsBot-Google (+http://www.google.com/adsbot.html)"
74.125.151.199 - - [16/Jun/2026:14:41:06 +0200] "GET /wp-content/plugins/elementor/assets/lib/font-awesome/css/fontawesome.css?ver=5.15.3 HTTP/1.1" 200 12535 "https://reggio-emilia.elettroservicegroup.it/assistenza-lavastoviglie-smeg-guastalla/" "AdsBot-Google (+http://www.google.com/adsbot.html)"
74.125.151.199 - - [16/Jun/2026:14:41:06 +0200] "GET /wp-includes/js/jquery/jquery.min.js?ver=3.7.1 HTTP/1.1" 200 29769 "https://reggio-emilia.elettroservicegroup.it/assistenza-lavastoviglie-smeg-guastalla/" "AdsBot-Google (+http://www.google.com/adsbot.html)"
74.125.151.199 - - [16/Jun/2026:14:41:07 +0200] "GET /wp-content/plugins/elementor/assets/css/widget-heading.min.css?ver=4.1.3 HTTP/1.1" 200 127 "https://reggio-emilia.elettroservicegroup.it/assistenza-lavastoviglie-smeg-guastalla/" "AdsBot-Google (+http://www.google.com/adsbot.html)"
74.125.151.199 - - [16/Jun/2026:14:41:07 +0200] "GET /wp-content/plugins/gp-premium/menu-plus/functions/css/navigation-branding-flex.min.css?ver=2.5.5 HTTP/1.1" 200 542 "https://reggio-emilia.elettroservicegroup.it/assistenza-lavastoviglie-smeg-guastalla/" "AdsBot-Google (+http://www.google.com/adsbot.html)"
74.125.151.201 - - [16/Jun/2026:14:41:07 +0200] "GET /wp-content/plugins/elementor/assets/lib/font-awesome/css/solid.css?ver=5.15.3 HTTP/1.1" 200 299 "https://reggio-emilia.elettroservicegroup.it/assistenza-lavastoviglie-smeg-guastalla/" "AdsBot-Google (+http://www.google.com/adsbot.html)"
74.125.151.199 - - [16/Jun/2026:14:41:08 +0200] "GET /wp-content/plugins/elementor/assets/lib/font-awesome/js/v4-shims.min.js?ver=4.1.3 HTTP/1.1" 200 4043 "https://reggio-emilia.elettroservicegroup.it/assistenza-lavastoviglie-smeg-guastalla/" "AdsBot-Google (+http://www.google.com/adsbot.html)"
74.125.151.200 - - [16/Jun/2026:14:41:08 +0200] "GET /wp-content/plugins/header-footer-elementor/assets/css/header-footer-elementor.css?ver=2.8.8 HTTP/1.1" 200 260 "https://reggio-emilia.elettroservicegroup.it/assistenza-lavastoviglie-smeg-guastalla/" "AdsBot-Google (+http://www.google.com/adsbot.html)"
74.125.151.199 - - [16/Jun/2026:14:41:09 +0200] "GET /wp-content/plugins/elementor/assets/lib/font-awesome/css/v4-shims.min.css?ver=4.1.3 HTTP/1.1" 200 3986 "https://reggio-emilia.elettroservicegroup.it/assistenza-lavastoviglie-smeg-guastalla/" "AdsBot-Google (+http://www.google.com/adsbot.html)"
74.125.151.200 - - [16/Jun/2026:14:41:09 +0200] "GET /wp-content/plugins/elementor/assets/lib/font-awesome/css/brands.css?ver=5.15.3 HTTP/1.1" 200 298 "https://reggio-emilia.elettroservicegroup.it/assistenza-lavastoviglie-smeg-guastalla/" "AdsBot-Google (+http://www.google.com/adsbot.html)"
74.125.151.199 - - [16/Jun/2026:14:41:09 +0200] "GET /wp-includes/js/jquery/jquery-migrate.min.js?ver=3.4.1 HTTP/1.1" 200 4685 "https://reggio-emilia.elettroservicegroup.it/assistenza-lavastoviglie-smeg-guastalla/" "AdsBot-Google (+http://www.google.com/adsbot.html)"
74.125.151.200 - - [16/Jun/2026:14:41:10 +0200] "GET /wp-content/plugins/elementor/assets/lib/animations/styles/zoomIn.min.css?ver=4.1.3 HTTP/1.1" 200 87 "https://reggio-emilia.elettroservicegroup.it/assistenza-lavastoviglie-smeg-guastalla/" "AdsBot-Google (+http://www.google.com/adsbot.html)"
74.125.151.200 - - [16/Jun/2026:14:41:10 +0200] "GET /wp-content/plugins/elementor/assets/css/widget-social-icons.min.css?ver=3.24.0 HTTP/1.1" 200 1039 "https://reggio-emilia.elettroservicegroup.it/assistenza-lavastoviglie-smeg-guastalla/" "AdsBot-Google (+http://www.google.com/adsbot.html)"
74.125.151.199 - - [16/Jun/2026:14:41:10 +0200] "GET /wp-content/plugins/elementor/assets/lib/font-awesome/css/all.min.css?ver=4.1.3 HTTP/1.1" 200 12402 "https://reggio-emilia.elettroservicegroup.it/assistenza-lavastoviglie-smeg-guastalla/" "AdsBot-Google (+http://www.google.com/adsbot.html)"
74.125.151.200 - - [16/Jun/2026:14:41:11 +0200] "GET /wp-content/plugins/elementor/assets/css/widget-icon-list.min.css?ver=3.24.3 HTTP/1.1" 200 928 "https://reggio-emilia.elettroservicegroup.it/assistenza-lavastoviglie-smeg-guastalla/" "AdsBot-Google (+http://www.google.com/adsbot.html)"
74.125.151.200 - - [16/Jun/2026:14:41:11 +0200] "GET /wp-content/plugins/elementor/assets/js/webpack.runtime.min.js?ver=4.1.3 HTTP/1.1" 200 2340 "https://reggio-emilia.elettroservicegroup.it/assistenza-lavastoviglie-smeg-guastalla/" "AdsBot-Google (+http://www.google.com/adsbot.html)"
74.125.151.199 - - [16/Jun/2026:14:41:11 +0200] "GET /wp-content/plugins/header-footer-elementor/inc/widgets-css/frontend.css?ver=2.8.8 HTTP/1.1" 200 8711 "https://reggio-emilia.elettroservicegroup.it/assistenza-lavastoviglie-smeg-guastalla/" "AdsBot-Google (+http://www.google.com/adsbot.html)"
74.125.151.200 - - [16/Jun/2026:14:41:12 +0200] "GET /wp-content/plugins/elementor/assets/js/frontend-modules.min.js?ver=4.1.3 HTTP/1.1" 200 15454 "https://reggio-emilia.elettroservicegroup.it/assistenza-lavastoviglie-smeg-guastalla/" "AdsBot-Google (+http://www.google.com/adsbot.html)"
74.125.151.199 - - [16/Jun/2026:14:41:12 +0200] "GET /wp-includes/js/jquery/ui/core.min.js?ver=1.13.3 HTTP/1.1" 200 6820 "https://reggio-emilia.elettroservicegroup.it/assistenza-lavastoviglie-smeg-guastalla/" "AdsBot-Google (+http://www.google.com/adsbot.html)"
74.125.151.199 - - [16/Jun/2026:14:41:12 +0200] "GET /wp-content/themes/generatepress/assets/js/menu.min.js?ver=3.6.1 HTTP/1.1" 200 1688 "https://reggio-emilia.elettroservicegroup.it/assistenza-lavastoviglie-smeg-guastalla/" "AdsBot-Google (+http://www.google.com/adsbot.html)"
74.125.151.199 - - [16/Jun/2026:14:41:12 +0200] "GET /wp-content/themes/generatepress/assets/js/back-to-top.min.js?ver=3.6.1 HTTP/1.1" 200 336 "https://reggio-emilia.elettroservicegroup.it/assistenza-lavastoviglie-smeg-guastalla/" "AdsBot-Google (+http://www.google.com/adsbot.html)"
74.125.151.199 - - [16/Jun/2026:14:41:13 +0200] "GET /wp-content/plugins/elementor/assets/js/frontend.min.js?ver=4.1.3 HTTP/1.1" 200 10140 "https://reggio-emilia.elettroservicegroup.it/assistenza-lavastoviglie-smeg-guastalla/" "AdsBot-Google (+http://www.google.com/adsbot.html)"
65.108.235.243 - - [16/Jun/2026:14:41:25 +0200] "POST /wp-cron.php?doing_wp_cron=1781613685.9731550216674804687500 HTTP/1.1" 200 1 "-" "WordPress/7.0; https://reggio-emilia.elettroservicegroup.it"
74.125.151.199 - - [16/Jun/2026:14:41:24 +0200] "GET /wp-json/complianz/v1/banner?lang=it&locale=it_IT&token=haffc HTTP/1.1" 200 82 "https://reggio-emilia.elettroservicegroup.it/assistenza-lavastoviglie-smeg-guastalla/" "AdsBot-Google (+http://www.google.com/adsbot.html)"
74.125.151.199 - - [16/Jun/2026:14:41:26 +0200] "GET /wp-content/uploads/complianz/css/banner-1-optin.css?v=511 HTTP/1.1" 200 2862 "https://reggio-emilia.elettroservicegroup.it/assistenza-lavastoviglie-smeg-guastalla/" "AdsBot-Google (+http://www.google.com/adsbot.html)"
74.125.151.199 - - [16/Jun/2026:14:41:26 +0200] "GET /wp-json/complianz/v1/cookie_data HTTP/1.1" 200 82 "https://reggio-emilia.elettroservicegroup.it/assistenza-lavastoviglie-smeg-guastalla/" "AdsBot-Google (+http://www.google.com/adsbot.html)"
65.108.235.243 - - [16/Jun/2026:14:41:26 +0200] "GET /assistenza-lavatrici-bosch-correggio/ HTTP/1.1" 200 22993 "-" "WP Fastest Cache Preload Bot"
65.108.235.243 - - [16/Jun/2026:14:41:26 +0200] "GET /assistenza-lavatrici-bosch-reggio-emilia/ HTTP/1.1" 200 22989 "-" "WP Fastest Cache Preload Bot"
65.108.235.243 - - [16/Jun/2026:14:41:27 +0200] "GET /assistenza-lavatrici-ariston-rubiera/ HTTP/1.1" 200 22966 "-" "WP Fastest Cache Preload Bot"
65.108.235.243 - - [16/Jun/2026:14:41:27 +0200] "GET /assistenza-lavatrici-ariston-scandiano/ HTTP/1.1" 200 22974 "-" "WP Fastest Cache Preload Bot"
74.125.151.199 - - [16/Jun/2026:14:41:54 +0200] "GET /wp-content/plugins/elementor/assets/js/shared-frontend-handlers.03caa53373b56d3bab67.bundle.min.js HTTP/1.1" 200 2515 "https://reggio-emilia.elettroservicegroup.it/assistenza-lavastoviglie-smeg-guastalla/" "AdsBot-Google (+http://www.google.com/adsbot.html)"
74.125.151.199 - - [16/Jun/2026:14:41:54 +0200] "GET /wp-content/plugins/elementor/assets/js/section-frontend-handlers.d85ab872da118940910d.bundle.min.js HTTP/1.1" 200 230 "https://reggio-emilia.elettroservicegroup.it/assistenza-lavastoviglie-smeg-guastalla/" "AdsBot-Google (+http://www.google.com/adsbot.html)"
74.125.151.199 - - [16/Jun/2026:14:41:55 +0200] "GET /wp-content/plugins/elementor/assets/js/text-editor.45609661e409413f1cef.bundle.min.js HTTP/1.1" 200 592 "https://reggio-emilia.elettroservicegroup.it/assistenza-lavastoviglie-smeg-guastalla/" "AdsBot-Google (+http://www.google.com/adsbot.html)"
74.125.151.199 - - [16/Jun/2026:14:43:10 +0200] "GET /wp-content/plugins/all-in-one-seo-pack/dist/Lite/assets/css/table-of-contents/global.e90f6d47.css?ver=4.9.8 HTTP/1.1" 200 420 "https://reggio-emilia.elettroservicegroup.it/assistenza-rex-electrolux-reggio-emilia/" "AdsBot-Google (+http://www.google.com/adsbot.html)"
74.125.151.199 - - [16/Jun/2026:14:43:11 +0200] "GET /wp-content/plugins/elementor/assets/css/widget-heading.min.css?ver=4.1.3 HTTP/1.1" 200 127 "https://reggio-emilia.elettroservicegroup.it/assistenza-rex-electrolux-reggio-emilia/" "AdsBot-Google (+http://www.google.com/adsbot.html)"
74.125.151.199 - - [16/Jun/2026:14:43:11 +0200] "GET /wp-content/plugins/gp-premium/menu-plus/functions/css/navigation-branding-flex.min.css?ver=2.5.5 HTTP/1.1" 200 542 "https://reggio-emilia.elettroservicegroup.it/assistenza-rex-electrolux-reggio-emilia/" "AdsBot-Google (+http://www.google.com/adsbot.html)"
74.125.151.200 - - [16/Jun/2026:14:43:12 +0200] "GET /wp-content/plugins/elementor/assets/css/widget-social-icons.min.css?ver=3.24.0 HTTP/1.1" 200 1039 "https://reggio-emilia.elettroservicegroup.it/assistenza-rex-electrolux-reggio-emilia/" "AdsBot-Google (+http://www.google.com/adsbot.html)"
74.125.151.199 - - [16/Jun/2026:14:43:12 +0200] "GET /wp-content/plugins/elementor/assets/lib/animations/styles/zoomIn.min.css?ver=4.1.3 HTTP/1.1" 200 87 "https://reggio-emilia.elettroservicegroup.it/assistenza-rex-electrolux-reggio-emilia/" "AdsBot-Google (+http://www.google.com/adsbot.html)"
74.125.151.199 - - [16/Jun/2026:14:43:13 +0200] "GET /wp-content/plugins/elementor/assets/lib/eicons/css/elementor-icons.min.css?ver=5.34.0 HTTP/1.1" 200 4115 "https://reggio-emilia.elettroservicegroup.it/assistenza-rex-electrolux-reggio-emilia/" "AdsBot-Google (+http://www.google.com/adsbot.html)"
74.125.151.200 - - [16/Jun/2026:14:43:13 +0200] "GET /wp-content/plugins/elementor/assets/lib/font-awesome/css/all.min.css?ver=4.1.3 HTTP/1.1" 200 12402 "https://reggio-emilia.elettroservicegroup.it/assistenza-rex-electrolux-reggio-emilia/" "AdsBot-Google (+http://www.google.com/adsbot.html)"
74.125.151.199 - - [16/Jun/2026:14:43:13 +0200] "GET /wp-content/plugins/elementor/assets/lib/font-awesome/css/solid.css?ver=5.15.3 HTTP/1.1" 200 299 "https://reggio-emilia.elettroservicegroup.it/assistenza-rex-electrolux-reggio-emilia/" "AdsBot-Google (+http://www.google.com/adsbot.html)"
74.125.151.201 - - [16/Jun/2026:14:43:14 +0200] "GET /wp-content/plugins/header-footer-elementor/assets/css/header-footer-elementor.css?ver=2.8.8 HTTP/1.1" 200 260 "https://reggio-emilia.elettroservicegroup.it/assistenza-rex-electrolux-reggio-emilia/" "AdsBot-Google (+http://www.google.com/adsbot.html)"
74.125.151.199 - - [16/Jun/2026:14:43:14 +0200] "GET /wp-content/plugins/elementor/assets/css/widget-spacer.min.css?ver=4.1.3 HTTP/1.1" 200 287 "https://reggio-emilia.elettroservicegroup.it/assistenza-rex-electrolux-reggio-emilia/" "AdsBot-Google (+http://www.google.com/adsbot.html)"
74.125.151.199 - - [16/Jun/2026:14:43:15 +0200] "GET /wp-content/themes/generatepress/assets/css/main.min.css?ver=3.6.1 HTTP/1.1" 200 4410 "https://reggio-emilia.elettroservicegroup.it/assistenza-rex-electrolux-reggio-emilia/" "AdsBot-Google (+http://www.google.com/adsbot.html)"
74.125.151.200 - - [16/Jun/2026:14:43:15 +0200] "GET /wp-content/plugins/elementor/assets/lib/font-awesome/css/v4-shims.min.css?ver=4.1.3 HTTP/1.1" 200 3986 "https://reggio-emilia.elettroservicegroup.it/assistenza-rex-electrolux-reggio-emilia/" "AdsBot-Google (+http://www.google.com/adsbot.html)"
74.125.151.200 - - [16/Jun/2026:14:43:15 +0200] "GET /wp-includes/js/jquery/jquery.min.js?ver=3.7.1 HTTP/1.1" 200 29769 "https://reggio-emilia.elettroservicegroup.it/assistenza-rex-electrolux-reggio-emilia/" "AdsBot-Google (+http://www.google.com/adsbot.html)"
74.125.151.200 - - [16/Jun/2026:14:43:16 +0200] "GET /wp-content/uploads/elementor/google-fonts/css/robotoslab.css?ver=1742255003 HTTP/1.1" 200 721 "https://reggio-emilia.elettroservicegroup.it/assistenza-rex-electrolux-reggio-emilia/" "AdsBot-Google (+http://www.google.com/adsbot.html)"
74.125.151.199 - - [16/Jun/2026:14:43:16 +0200] "GET /wp-content/plugins/elementor/assets/css/frontend.min.css?ver=4.1.3 HTTP/1.1" 200 6618 "https://reggio-emilia.elettroservicegroup.it/assistenza-rex-electrolux-reggio-emilia/" "AdsBot-Google (+http://www.google.com/adsbot.html)"
74.125.151.200 - - [16/Jun/2026:14:43:17 +0200] "GET /wp-content/uploads/elementor/google-fonts/css/roboto.css?ver=1742255001 HTTP/1.1" 200 1890 "https://reggio-emilia.elettroservicegroup.it/assistenza-rex-electrolux-reggio-emilia/" "AdsBot-Google (+http://www.google.com/adsbot.html)"
74.125.151.200 - - [16/Jun/2026:14:43:17 +0200] "GET /wp-content/plugins/elementor/assets/css/widget-icon-list.min.css?ver=3.24.3 HTTP/1.1" 200 928 "https://reggio-emilia.elettroservicegroup.it/assistenza-rex-electrolux-reggio-emilia/" "AdsBot-Google (+http://www.google.com/adsbot.html)"
74.125.151.199 - - [16/Jun/2026:14:43:18 +0200] "GET /wp-content/plugins/elementor/assets/lib/font-awesome/js/v4-shims.min.js?ver=4.1.3 HTTP/1.1" 200 4043 "https://reggio-emilia.elettroservicegroup.it/assistenza-rex-electrolux-reggio-emilia/" "AdsBot-Google (+http://www.google.com/adsbot.html)"
74.125.151.199 - - [16/Jun/2026:14:43:18 +0200] "GET /wp-content/plugins/gp-premium/menu-plus/functions/js/sticky.min.js?ver=2.5.5 HTTP/1.1" 200 2670 "https://reggio-emilia.elettroservicegroup.it/assistenza-rex-electrolux-reggio-emilia/" "AdsBot-Google (+http://www.google.com/adsbot.html)"
74.125.151.199 - - [16/Jun/2026:14:43:18 +0200] "GET /wp-content/plugins/elementor/assets/js/webpack.runtime.min.js?ver=4.1.3 HTTP/1.1" 200 2340 "https://reggio-emilia.elettroservicegroup.it/assistenza-rex-electrolux-reggio-emilia/" "AdsBot-Google (+http://www.google.com/adsbot.html)"
74.125.151.199 - - [16/Jun/2026:14:43:19 +0200] "GET /wp-includes/js/jquery/jquery-migrate.min.js?ver=3.4.1 HTTP/1.1" 200 4685 "https://reggio-emilia.elettroservicegroup.it/assistenza-rex-electrolux-reggio-emilia/" "AdsBot-Google (+http://www.google.com/adsbot.html)"
74.125.151.199 - - [16/Jun/2026:14:43:19 +0200] "GET /wp-content/plugins/elementor/assets/lib/font-awesome/css/brands.css?ver=5.15.3 HTTP/1.1" 200 298 "https://reggio-emilia.elettroservicegroup.it/assistenza-rex-electrolux-reggio-emilia/" "AdsBot-Google (+http://www.google.com/adsbot.html)"
74.125.151.199 - - [16/Jun/2026:14:43:19 +0200] "GET /wp-content/plugins/elementor/assets/css/widget-image.min.css?ver=4.1.3 HTTP/1.1" 200 96 "https://reggio-emilia.elettroservicegroup.it/assistenza-rex-electrolux-reggio-emilia/" "AdsBot-Google (+http://www.google.com/adsbot.html)"
74.125.151.199 - - [16/Jun/2026:14:43:20 +0200] "GET /wp-content/plugins/header-footer-elementor/inc/widgets-css/frontend.css?ver=2.8.8 HTTP/1.1" 200 8711 "https://reggio-emilia.elettroservicegroup.it/assistenza-rex-electrolux-reggio-emilia/" "AdsBot-Google (+http://www.google.com/adsbot.html)"
74.125.151.199 - - [16/Jun/2026:14:43:20 +0200] "GET /wp-content/plugins/elementor/assets/js/frontend-modules.min.js?ver=4.1.3 HTTP/1.1" 200 15454 "https://reggio-emilia.elettroservicegroup.it/assistenza-rex-electrolux-reggio-emilia/" "AdsBot-Google (+http://www.google.com/adsbot.html)"
74.125.151.199 - - [16/Jun/2026:14:43:20 +0200] "GET /wp-content/plugins/elementor/assets/js/frontend.min.js?ver=4.1.3 HTTP/1.1" 200 10140 "https://reggio-emilia.elettroservicegroup.it/assistenza-rex-electrolux-reggio-emilia/" "AdsBot-Google (+http://www.google.com/adsbot.html)"
74.125.151.199 - - [16/Jun/2026:14:43:21 +0200] "GET /wp-content/themes/generatepress/assets/js/back-to-top.min.js?ver=3.6.1 HTTP/1.1" 200 336 "https://reggio-emilia.elettroservicegroup.it/assistenza-rex-electrolux-reggio-emilia/" "AdsBot-Google (+http://www.google.com/adsbot.html)"
74.125.151.199 - - [16/Jun/2026:14:43:21 +0200] "GET /wp-content/themes/generatepress/assets/js/menu.min.js?ver=3.6.1 HTTP/1.1" 200 1688 "https://reggio-emilia.elettroservicegroup.it/assistenza-rex-electrolux-reggio-emilia/" "AdsBot-Google (+http://www.google.com/adsbot.html)"
74.125.151.199 - - [16/Jun/2026:14:43:24 +0200] "GET /wp-content/uploads/elementor/google-fonts/fonts/robotoslab-bngmuxzytxpivibgjjsb6ufn5qu.woff2 HTTP/1.1" 304 - "https://reggio-emilia.elettroservicegroup.it/wp-content/uploads/elementor/google-fonts/css/robotoslab.css?ver=1742255003" "AdsBot-Google (+http://www.google.com/adsbot.html)"
65.108.235.243 - - [16/Jun/2026:14:43:28 +0200] "POST /wp-cron.php?doing_wp_cron=1781613808.9326438903808593750000 HTTP/1.1" 200 1 "-" "WordPress/7.0; https://reggio-emilia.elettroservicegroup.it"
74.125.151.199 - - [16/Jun/2026:14:43:24 +0200] "GET /wp-json/complianz/v1/banner?lang=it&locale=it_IT&token=haffc HTTP/1.1" 200 82 "https://reggio-emilia.elettroservicegroup.it/assistenza-rex-electrolux-reggio-emilia/" "AdsBot-Google (+http://www.google.com/adsbot.html)"
74.125.151.199 - - [16/Jun/2026:14:43:29 +0200] "GET /wp-json/complianz/v1/cookie_data HTTP/1.1" 200 82 "https://reggio-emilia.elettroservicegroup.it/assistenza-rex-electrolux-reggio-emilia/" "AdsBot-Google (+http://www.google.com/adsbot.html)"
74.125.151.199 - - [16/Jun/2026:14:43:29 +0200] "GET /wp-content/uploads/complianz/css/banner-1-optin.css?v=511 HTTP/1.1" 200 2862 "https://reggio-emilia.elettroservicegroup.it/assistenza-rex-electrolux-reggio-emilia/" "AdsBot-Google (+http://www.google.com/adsbot.html)"
74.125.151.199 - - [16/Jun/2026:14:43:43 +0200] "GET /wp-content/plugins/elementor/assets/js/section-frontend-handlers.d85ab872da118940910d.bundle.min.js HTTP/1.1" 200 230 "https://reggio-emilia.elettroservicegroup.it/assistenza-rex-electrolux-reggio-emilia/" "AdsBot-Google (+http://www.google.com/adsbot.html)"
74.125.151.199 - - [16/Jun/2026:14:43:43 +0200] "GET /wp-content/plugins/elementor/assets/js/text-editor.45609661e409413f1cef.bundle.min.js HTTP/1.1" 200 592 "https://reggio-emilia.elettroservicegroup.it/assistenza-rex-electrolux-reggio-emilia/" "AdsBot-Google (+http://www.google.com/adsbot.html)"
74.125.151.199 - - [16/Jun/2026:14:43:43 +0200] "GET /wp-content/plugins/elementor/assets/js/shared-frontend-handlers.03caa53373b56d3bab67.bundle.min.js HTTP/1.1" 200 2515 "https://reggio-emilia.elettroservicegroup.it/assistenza-rex-electrolux-reggio-emilia/" "AdsBot-Google (+http://www.google.com/adsbot.html)"
47.128.23.200 - - [16/Jun/2026:14:55:14 +0200] "GET /dozen-spins-casino-fair-play-und-transparenz-im-uberblick/ HTTP/2.0" 200 11809 "-" "Mozilla/5.0 (Linux; Android 5.0) AppleWebKit/537.36 (KHTML, like Gecko) Mobile Safari/537.36 (compatible; Bytespider; spider-feedback@bytedance.com)"
65.108.235.243 - - [16/Jun/2026:15:00:12 +0200] "POST /wp-cron.php?doing_wp_cron=1781614812.5183629989624023437500 HTTP/1.1" 200 1 "-" "WordPress/7.0; https://reggio-emilia.elettroservicegroup.it"
47.128.23.232 - - [16/Jun/2026:15:00:04 +0200] "GET /dozen-spins-casino-fair-play-und-transparenz-im-uberblick/ HTTP/2.0" 404 15869 "-" "Mozilla/5.0 (Linux; Android 5.0) AppleWebKit/537.36 (KHTML, like Gecko) Mobile Safari/537.36 (compatible; Bytespider; spider-feedback@bytedance.com)"
65.108.235.243 - - [16/Jun/2026:15:00:14 +0200] "GET /assistenza-lavatrici-ariston-santilario-denza/ HTTP/1.1" 200 23038 "-" "WP Fastest Cache Preload Bot"
65.108.235.243 - - [16/Jun/2026:15:00:17 +0200] "GET /assistenza-lavatrici-ariston-guastalla/ HTTP/1.1" 200 22971 "-" "WP Fastest Cache Preload Bot"
47.128.23.232 - - [16/Jun/2026:15:00:17 +0200] "GET /wp-content/plugins/header-footer-elementor/inc/widgets-css/frontend.css?ver=2.8.8 HTTP/2.0" 404 17153 "https://reggio-emilia.elettroservicegroup.it/dozen-spins-casino-fair-play-und-transparenz-im-uberblick/" "Mozilla/5.0 (Linux; Android 5.0) AppleWebKit/537.36 (KHTML, like Gecko) Mobile Safari/537.36 (compatible; Bytespider; spider-feedback@bytedance.com)"
47.128.23.232 - - [16/Jun/2026:15:00:17 +0200] "GET /wp-includes/css/dist/block-library/style.min.css?ver=7.0 HTTP/2.0" 404 17156 "https://reggio-emilia.elettroservicegroup.it/dozen-spins-casino-fair-play-und-transparenz-im-uberblick/" "Mozilla/5.0 (Linux; Android 5.0) AppleWebKit/537.36 (KHTML, like Gecko) Mobile Safari/537.36 (compatible; Bytespider; spider-feedback@bytedance.com)"
47.128.23.232 - - [16/Jun/2026:15:00:18 +0200] "GET /wp-content/plugins/elementor/assets/lib/font-awesome/css/brands.css?ver=5.15.3 HTTP/2.0" 200 11865 "https://reggio-emilia.elettroservicegroup.it/dozen-spins-casino-fair-play-und-transparenz-im-uberblick/" "Mozilla/5.0 (Linux; Android 5.0) AppleWebKit/537.36 (KHTML, like Gecko) Mobile Safari/537.36 (compatible; Bytespider; spider-feedback@bytedance.com)"
47.128.23.232 - - [16/Jun/2026:15:00:18 +0200] "GET /wp-content/plugins/elementor/assets/css/widget-social-icons.min.css?ver=3.24.0 HTTP/2.0" 200 11861 "https://reggio-emilia.elettroservicegroup.it/dozen-spins-casino-fair-play-und-transparenz-im-uberblick/" "Mozilla/5.0 (Linux; Android 5.0) AppleWebKit/537.36 (KHTML, like Gecko) Mobile Safari/537.36 (compatible; Bytespider; spider-feedback@bytedance.com)"
47.128.23.232 - - [16/Jun/2026:15:00:18 +0200] "GET /wp-content/plugins/elementor/assets/lib/font-awesome/css/solid.css?ver=5.15.3 HTTP/2.0" 200 11864 "https://reggio-emilia.elettroservicegroup.it/dozen-spins-casino-fair-play-und-transparenz-im-uberblick/" "Mozilla/5.0 (Linux; Android 5.0) AppleWebKit/537.36 (KHTML, like Gecko) Mobile Safari/537.36 (compatible; Bytespider; spider-feedback@bytedance.com)"
47.128.23.232 - - [16/Jun/2026:15:00:18 +0200] "GET /wp-content/plugins/elementor/assets/lib/font-awesome/css/fontawesome.css?ver=5.15.3 HTTP/2.0" 200 11870 "https://reggio-emilia.elettroservicegroup.it/dozen-spins-casino-fair-play-und-transparenz-im-uberblick/" "Mozilla/5.0 (Linux; Android 5.0) AppleWebKit/537.36 (KHTML, like Gecko) Mobile Safari/537.36 (compatible; Bytespider; spider-feedback@bytedance.com)"
47.128.23.232 - - [16/Jun/2026:15:00:20 +0200] "GET /wp-content/plugins/gp-premium/menu-plus/functions/css/navigation-branding-flex.min.css?ver=2.5.5 HTTP/2.0" 200 11881 "https://reggio-emilia.elettroservicegroup.it/dozen-spins-casino-fair-play-und-transparenz-im-uberblick/" "Mozilla/5.0 (Linux; Android 5.0) AppleWebKit/537.36 (KHTML, like Gecko) Mobile Safari/537.36 (compatible; Bytespider; spider-feedback@bytedance.com)"
65.108.235.243 - - [16/Jun/2026:15:00:17 +0200] "GET /assistenza-lavatrici-ariston-correggio/ HTTP/1.1" 200 22972 "-" "WP Fastest Cache Preload Bot"
47.128.23.232 - - [16/Jun/2026:15:00:20 +0200] "GET /wp-content/plugins/gp-premium/blog/functions/css/featured-images.min.css?ver=2.5.5 HTTP/2.0" 200 11867 "https://reggio-emilia.elettroservicegroup.it/dozen-spins-casino-fair-play-und-transparenz-im-uberblick/" "Mozilla/5.0 (Linux; Android 5.0) AppleWebKit/537.36 (KHTML, like Gecko) Mobile Safari/537.36 (compatible; Bytespider; spider-feedback@bytedance.com)"
47.128.23.232 - - [16/Jun/2026:15:00:20 +0200] "GET /wp-content/uploads/elementor/google-fonts/css/robotoslab.css?ver=1742255003 HTTP/2.0" 200 11858 "https://reggio-emilia.elettroservicegroup.it/dozen-spins-casino-fair-play-und-transparenz-im-uberblick/" "Mozilla/5.0 (Linux; Android 5.0) AppleWebKit/537.36 (KHTML, like Gecko) Mobile Safari/537.36 (compatible; Bytespider; spider-feedback@bytedance.com)"
47.128.23.232 - - [16/Jun/2026:15:00:20 +0200] "GET /wp-content/uploads/elementor/google-fonts/css/roboto.css?ver=1742255001 HTTP/2.0" 200 11854 "https://reggio-emilia.elettroservicegroup.it/dozen-spins-casino-fair-play-und-transparenz-im-uberblick/" "Mozilla/5.0 (Linux; Android 5.0) AppleWebKit/537.36 (KHTML, like Gecko) Mobile Safari/537.36 (compatible; Bytespider; spider-feedback@bytedance.com)"
47.128.23.232 - - [16/Jun/2026:15:00:17 +0200] "GET /wp-content/plugins/all-in-one-seo-pack/dist/Lite/assets/css/table-of-contents/global.e90f6d47.css?ver=4.9.8 HTTP/2.0" 404 17171 "https://reggio-emilia.elettroservicegroup.it/dozen-spins-casino-fair-play-und-transparenz-im-uberblick/" "Mozilla/5.0 (Linux; Android 5.0) AppleWebKit/537.36 (KHTML, like Gecko) Mobile Safari/537.36 (compatible; Bytespider; spider-feedback@bytedance.com)"
47.128.23.232 - - [16/Jun/2026:15:00:18 +0200] "GET /wp-content/plugins/header-footer-elementor/assets/css/header-footer-elementor.css?ver=2.8.8 HTTP/2.0" 404 17161 "https://reggio-emilia.elettroservicegroup.it/dozen-spins-casino-fair-play-und-transparenz-im-uberblick/" "Mozilla/5.0 (Linux; Android 5.0) AppleWebKit/537.36 (KHTML, like Gecko) Mobile Safari/537.36 (compatible; Bytespider; spider-feedback@bytedance.com)"
47.128.23.232 - - [16/Jun/2026:15:00:18 +0200] "GET /wp-content/plugins/complianz-gdpr-premium/assets/css/cookieblocker.min.css?ver=1781536286 HTTP/2.0" 404 17161 "https://reggio-emilia.elettroservicegroup.it/dozen-spins-casino-fair-play-und-transparenz-im-uberblick/" "Mozilla/5.0 (Linux; Android 5.0) AppleWebKit/537.36 (KHTML, like Gecko) Mobile Safari/537.36 (compatible; Bytespider; spider-feedback@bytedance.com)"
47.128.23.232 - - [16/Jun/2026:15:00:18 +0200] "GET /wp-content/plugins/elementor/assets/css/frontend.min.css?ver=4.1.3 HTTP/2.0" 404 17153 "https://reggio-emilia.elettroservicegroup.it/dozen-spins-casino-fair-play-und-transparenz-im-uberblick/" "Mozilla/5.0 (Linux; Android 5.0) AppleWebKit/537.36 (KHTML, like Gecko) Mobile Safari/537.36 (compatible; Bytespider; spider-feedback@bytedance.com)"
47.128.23.232 - - [16/Jun/2026:15:00:18 +0200] "GET /wp-content/uploads/elementor/css/post-14146.css?ver=1781536291 HTTP/2.0" 404 17152 "https://reggio-emilia.elettroservicegroup.it/dozen-spins-casino-fair-play-und-transparenz-im-uberblick/" "Mozilla/5.0 (Linux; Android 5.0) AppleWebKit/537.36 (KHTML, like Gecko) Mobile Safari/537.36 (compatible; Bytespider; spider-feedback@bytedance.com)"
47.128.23.232 - - [16/Jun/2026:15:00:18 +0200] "GET /wp-content/plugins/elementor/assets/lib/font-awesome/css/all.min.css?ver=4.1.3 HTTP/2.0" 404 17170 "https://reggio-emilia.elettroservicegroup.it/dozen-spins-casino-fair-play-und-transparenz-im-uberblick/" "Mozilla/5.0 (Linux; Android 5.0) AppleWebKit/537.36 (KHTML, like Gecko) Mobile Safari/537.36 (compatible; Bytespider; spider-feedback@bytedance.com)"
47.128.23.232 - - [16/Jun/2026:15:00:18 +0200] "GET /wp-content/themes/generatepress/assets/css/main.min.css?ver=3.6.1 HTTP/2.0" 404 17157 "https://reggio-emilia.elettroservicegroup.it/dozen-spins-casino-fair-play-und-transparenz-im-uberblick/" "Mozilla/5.0 (Linux; Android 5.0) AppleWebKit/537.36 (KHTML, like Gecko) Mobile Safari/537.36 (compatible; Bytespider; spider-feedback@bytedance.com)"
47.128.23.232 - - [16/Jun/2026:15:00:18 +0200] "GET /wp-content/plugins/elementor/assets/lib/font-awesome/css/v4-shims.min.css?ver=4.1.3 HTTP/2.0" 404 17173 "https://reggio-emilia.elettroservicegroup.it/dozen-spins-casino-fair-play-und-transparenz-im-uberblick/" "Mozilla/5.0 (Linux; Android 5.0) AppleWebKit/537.36 (KHTML, like Gecko) Mobile Safari/537.36 (compatible; Bytespider; spider-feedback@bytedance.com)"
47.128.23.232 - - [16/Jun/2026:15:00:18 +0200] "GET /wp-content/uploads/elementor/css/post-14366.css?ver=1781536291 HTTP/2.0" 404 17153 "https://reggio-emilia.elettroservicegroup.it/dozen-spins-casino-fair-play-und-transparenz-im-uberblick/" "Mozilla/5.0 (Linux; Android 5.0) AppleWebKit/537.36 (KHTML, like Gecko) Mobile Safari/537.36 (compatible; Bytespider; spider-feedback@bytedance.com)"
47.128.23.232 - - [16/Jun/2026:15:00:18 +0200] "GET /wp-content/plugins/elementor/assets/lib/eicons/css/elementor-icons.min.css?ver=5.34.0 HTTP/2.0" 404 17168 "https://reggio-emilia.elettroservicegroup.it/dozen-spins-casino-fair-play-und-transparenz-im-uberblick/" "Mozilla/5.0 (Linux; Android 5.0) AppleWebKit/537.36 (KHTML, like Gecko) Mobile Safari/537.36 (compatible; Bytespider; spider-feedback@bytedance.com)"
47.128.23.232 - - [16/Jun/2026:15:00:18 +0200] "GET /wp-content/plugins/elementor/assets/css/widget-icon-list.min.css?ver=3.24.3 HTTP/2.0" 404 17164 "https://reggio-emilia.elettroservicegroup.it/dozen-spins-casino-fair-play-und-transparenz-im-uberblick/" "Mozilla/5.0 (Linux; Android 5.0) AppleWebKit/537.36 (KHTML, like Gecko) Mobile Safari/537.36 (compatible; Bytespider; spider-feedback@bytedance.com)"
47.128.23.232 - - [16/Jun/2026:15:00:20 +0200] "GET /wp-content/uploads/2021/10/cropped-cropped-cropped-logo_white_background.png HTTP/2.0" 404 80055 "https://reggio-emilia.elettroservicegroup.it/dozen-spins-casino-fair-play-und-transparenz-im-uberblick/" "Mozilla/5.0 (Linux; Android 5.0) AppleWebKit/537.36 (KHTML, like Gecko) Mobile Safari/537.36 (compatible; Bytespider; spider-feedback@bytedance.com)"
65.108.235.243 - - [16/Jun/2026:15:00:22 +0200] "GET /assistenza-lavatrici-ariston-reggio-emilia/ HTTP/1.1" 200 22966 "-" "WP Fastest Cache Preload Bot"
65.108.235.243 - - [16/Jun/2026:15:00:26 +0200] "POST /wp-json/complianz/v1/wsc-scan HTTP/1.1" 400 88 "-" "WordPress/7.0; https://reggio-emilia.elettroservicegroup.it"
47.128.23.232 - - [16/Jun/2026:15:00:30 +0200] "GET /wp-content/uploads/2021/10/cropped-logo_white_background.png HTTP/2.0" 404 79959 "https://reggio-emilia.elettroservicegroup.it/dozen-spins-casino-fair-play-und-transparenz-im-uberblick/" "Mozilla/5.0 (Linux; Android 5.0) AppleWebKit/537.36 (KHTML, like Gecko) Mobile Safari/537.36 (compatible; Bytespider; spider-feedback@bytedance.com)"
47.128.23.232 - - [16/Jun/2026:15:00:30 +0200] "GET /wp-content/uploads/2021/10/cropped-cropped-cropped-logo_white_background.png HTTP/2.0" 404 80055 "https://reggio-emilia.elettroservicegroup.it/dozen-spins-casino-fair-play-und-transparenz-im-uberblick/" "Mozilla/5.0 (Linux; Android 5.0) AppleWebKit/537.36 (KHTML, like Gecko) Mobile Safari/537.36 (compatible; Bytespider; spider-feedback@bytedance.com)"
72.14.201.23 - - [16/Jun/2026:15:02:51 +0200] "GET /assistenza-condizionatori-reggio-emilia/ HTTP/2.0" 200 20249 "https://www.google.com/" "Mozilla/5.0 (Windows NT 10.0; Win64; x64) AppleWebKit/537.36 (KHTML, like Gecko) Chrome/149.0.0.0 Safari/537.36"
65.108.235.243 - - [16/Jun/2026:15:11:13 +0200] "POST /wp-cron.php?doing_wp_cron=1781615473.8062870502471923828125 HTTP/1.1" 200 1 "-" "WordPress/7.0; https://reggio-emilia.elettroservicegroup.it"
57.141.20.49 - - [16/Jun/2026:15:11:11 +0200] "GET /robots.txt HTTP/2.0" 200 205 "-" "facebookexternalhit/1.1 (+http://www.facebook.com/externalhit_uatext.php)"
65.108.235.243 - - [16/Jun/2026:15:11:15 +0200] "GET /assistenza-lavatrici-aeg-rubiera/ HTTP/1.1" 200 22992 "-" "WP Fastest Cache Preload Bot"
65.108.235.243 - - [16/Jun/2026:15:11:18 +0200] "GET /assistenza-lavatrici-aeg-scandiano/ HTTP/1.1" 200 22999 "-" "WP Fastest Cache Preload Bot"
65.108.235.243 - - [16/Jun/2026:15:11:19 +0200] "GET /assistenza-lavatrici-aeg-santilario-denza/ HTTP/1.1" 200 23062 "-" "WP Fastest Cache Preload Bot"
65.108.235.243 - - [16/Jun/2026:15:11:19 +0200] "GET /assistenza-lavatrici-aeg-guastalla/ HTTP/1.1" 200 22996 "-" "WP Fastest Cache Preload Bot"
47.128.23.241 - - [16/Jun/2026:15:11:46 +0200] "GET /oshi-promotionen-im-detail-warum-sich-das-mitmachen-lohnt/ HTTP/2.0" 200 11824 "-" "Mozilla/5.0 (Linux; Android 5.0) AppleWebKit/537.36 (KHTML, like Gecko) Mobile Safari/537.36 (compatible; Bytespider; spider-feedback@bytedance.com)"
65.108.235.243 - - [16/Jun/2026:15:34:22 +0200] "GET /assistenza-lavastoviglie-smeg-rubiera/ HTTP/1.1" 200 22866 "-" "WP Fastest Cache Preload Bot"
65.108.235.243 - - [16/Jun/2026:15:34:22 +0200] "GET /assistenza-lavatrici-aeg-correggio/ HTTP/1.1" 200 23000 "-" "WP Fastest Cache Preload Bot"
65.108.235.243 - - [16/Jun/2026:15:34:23 +0200] "GET /assistenza-lavatrici-aeg-reggio-emilia/ HTTP/1.1" 200 23000 "-" "WP Fastest Cache Preload Bot"
65.108.235.243 - - [16/Jun/2026:15:34:25 +0200] "GET /assistenza-lavatrici-rubiera/ HTTP/1.1" 200 23601 "-" "WP Fastest Cache Preload Bot"
72.14.201.23 - - [16/Jun/2026:15:39:51 +0200] "GET /assistenza-smeg-guastalla/ HTTP/2.0" 200 23036 "https://www.google.com/" "Mozilla/5.0 (Linux; Android 10; K) AppleWebKit/537.36 (KHTML, like Gecko) Chrome/149.0.0.0 Mobile Safari/537.36"
65.108.235.243 - - [16/Jun/2026:15:39:55 +0200] "POST /wp-cron.php?doing_wp_cron=1781617195.4683849811553955078125 HTTP/1.1" 200 1 "-" "WordPress/7.0; https://reggio-emilia.elettroservicegroup.it"
66.249.93.133 - - [16/Jun/2026:15:39:51 +0200] "GET /.well-known/traffic-advice HTTP/1.1" 404 15860 "-" "Chrome Privacy Preserving Prefetch Proxy"
65.108.235.243 - - [16/Jun/2026:15:39:55 +0200] "GET /assistenza-lavastoviglie-smeg-scandiano/ HTTP/1.1" 200 22862 "-" "WP Fastest Cache Preload Bot"
65.108.235.243 - - [16/Jun/2026:15:39:56 +0200] "GET /assistenza-lavatrici-scandiano/ HTTP/1.1" 200 23594 "-" "WP Fastest Cache Preload Bot"
65.108.235.243 - - [16/Jun/2026:15:39:56 +0200] "GET /assistenza-lavatrici-santilario-denza/ HTTP/1.1" 200 23662 "-" "WP Fastest Cache Preload Bot"
65.108.235.243 - - [16/Jun/2026:15:39:56 +0200] "GET /assistenza-lavastoviglie-smeg-santilario-denza/ HTTP/1.1" 200 22946 "-" "WP Fastest Cache Preload Bot"
65.108.235.243 - - [16/Jun/2026:16:13:30 +0200] "POST /wp-cron.php?doing_wp_cron=1781619210.8990280628204345703125 HTTP/1.1" 200 1 "-" "WordPress/7.0; https://reggio-emilia.elettroservicegroup.it"
104.210.140.142 - - [16/Jun/2026:16:13:27 +0200] "GET /robots.txt HTTP/2.0" 200 110 "-" "Mozilla/5.0 (Macintosh; Intel Mac OS X 10_15_7) AppleWebKit/537.36 (KHTML, like Gecko) Chrome/131.0.0.0 Safari/537.36; compatible; OAI-SearchBot/1.0; +https://openai.com/searchbot"
65.108.235.243 - - [16/Jun/2026:16:13:32 +0200] "GET /assistenza-lavatrici-guastalla/ HTTP/1.1" 200 23596 "-" "WP Fastest Cache Preload Bot"
65.108.235.243 - - [16/Jun/2026:16:13:35 +0200] "GET /assistenza-lavatrici-correggio/ HTTP/1.1" 200 23582 "-" "WP Fastest Cache Preload Bot"
65.108.235.243 - - [16/Jun/2026:16:13:35 +0200] "GET /assistenza-lavatrici-reggio-emilia/ HTTP/1.1" 200 23829 "-" "WP Fastest Cache Preload Bot"
65.108.235.243 - - [16/Jun/2026:16:13:35 +0200] "GET /assistenza-lavastoviglie-whirlpool-rubiera/ HTTP/1.1" 200 22895 "-" "WP Fastest Cache Preload Bot"
65.108.235.243 - - [16/Jun/2026:16:13:36 +0200] "POST /wp-json/complianz/v1/wsc-scan HTTP/1.1" 400 88 "-" "WordPress/7.0; https://reggio-emilia.elettroservicegroup.it"
65.108.235.243 - - [16/Jun/2026:16:31:42 +0200] "POST /wp-cron.php?doing_wp_cron=1781620302.3126010894775390625000 HTTP/1.1" 200 1 "-" "WordPress/7.0; https://reggio-emilia.elettroservicegroup.it"
74.125.151.200 - - [16/Jun/2026:16:31:40 +0200] "GET /assistenza-lavastoviglie-reggio-emilia/ HTTP/1.1" 200 23422 "-" "Mozilla/5.0 (Linux; Android 6.0.1; Nexus 5X Build/MMB29P) AppleWebKit/537.36 (KHTML, like Gecko) Chrome/148.0.7778.96 Mobile Safari/537.36 (compatible; AdsBot-Google-Mobile; +http://www.google.com/mobile/adsbot.html)"
65.108.235.243 - - [16/Jun/2026:16:31:42 +0200] "GET /assistenza-lavastoviglie-smeg-guastalla/ HTTP/1.1" 200 22868 "-" "WP Fastest Cache Preload Bot"
65.108.235.243 - - [16/Jun/2026:16:31:43 +0200] "GET /assistenza-lavastoviglie-whirlpool-scandiano/ HTTP/1.1" 200 22900 "-" "WP Fastest Cache Preload Bot"
65.108.235.243 - - [16/Jun/2026:16:31:43 +0200] "GET /assistenza-lavastoviglie-whirlpool-santilario-denza/ HTTP/1.1" 200 22982 "-" "WP Fastest Cache Preload Bot"
74.125.151.199 - - [16/Jun/2026:16:31:45 +0200] "GET /wp-content/uploads/elementor/css/post-17716.css?ver=1781590553 HTTP/1.1" 200 2155 "https://reggio-emilia.elettroservicegroup.it/assistenza-lavastoviglie-reggio-emilia/" "AdsBot-Google (+http://www.google.com/adsbot.html)"
74.125.151.199 - - [16/Jun/2026:16:31:45 +0200] "GET /wp-content/plugins/elementor/assets/css/widget-image.min.css?ver=4.1.3 HTTP/1.1" 200 96 "https://reggio-emilia.elettroservicegroup.it/assistenza-lavastoviglie-reggio-emilia/" "AdsBot-Google (+http://www.google.com/adsbot.html)"
74.125.151.199 - - [16/Jun/2026:16:31:45 +0200] "GET /wp-content/plugins/elementor/assets/lib/animations/styles/zoomIn.min.css?ver=4.1.3 HTTP/1.1" 200 87 "https://reggio-emilia.elettroservicegroup.it/assistenza-lavastoviglie-reggio-emilia/" "AdsBot-Google (+http://www.google.com/adsbot.html)"
74.125.151.200 - - [16/Jun/2026:16:31:46 +0200] "GET /wp-content/plugins/elementor/assets/css/widget-heading.min.css?ver=4.1.3 HTTP/1.1" 200 127 "https://reggio-emilia.elettroservicegroup.it/assistenza-lavastoviglie-reggio-emilia/" "AdsBot-Google (+http://www.google.com/adsbot.html)"
74.125.151.200 - - [16/Jun/2026:16:31:46 +0200] "GET /wp-content/plugins/elementor/assets/lib/animations/styles/bounceIn.min.css?ver=4.1.3 HTTP/1.1" 200 186 "https://reggio-emilia.elettroservicegroup.it/assistenza-lavastoviglie-reggio-emilia/" "AdsBot-Google (+http://www.google.com/adsbot.html)"
74.125.151.200 - - [16/Jun/2026:16:31:46 +0200] "GET /wp-content/plugins/elementor/assets/css/widget-spacer.min.css?ver=4.1.3 HTTP/1.1" 200 287 "https://reggio-emilia.elettroservicegroup.it/assistenza-lavastoviglie-reggio-emilia/" "AdsBot-Google (+http://www.google.com/adsbot.html)"
74.125.151.199 - - [16/Jun/2026:16:31:47 +0200] "GET /wp-content/uploads/elementor/google-fonts/fonts/roboto-kfo7cnqeu92fr1me7ksn66agldtyluama3yuba.woff2 HTTP/1.1" 304 - "https://reggio-emilia.elettroservicegroup.it/wp-content/uploads/elementor/google-fonts/css/roboto.css?ver=1742255001" "AdsBot-Google (+http://www.google.com/adsbot.html)"
65.108.235.243 - - [16/Jun/2026:16:31:45 +0200] "GET /assistenza-lavastoviglie-whirlpool-guastalla/ HTTP/1.1" 200 22902 "-" "WP Fastest Cache Preload Bot"
51.107.70.203 - - [16/Jun/2026:16:46:24 +0200] "GET /assistenza-rex-electrolux-reggio-emilia/ HTTP/2.0" 200 22979 "-" "Mozilla/5.0 AppleWebKit/537.36 (KHTML, like Gecko); compatible; ChatGPT-User/1.0; +https://openai.com/bot"
65.108.235.243 - - [16/Jun/2026:16:46:35 +0200] "POST /wp-cron.php?doing_wp_cron=1781621195.0485849380493164062500 HTTP/1.1" 200 1 "-" "WordPress/7.0; https://reggio-emilia.elettroservicegroup.it"
74.7.244.51 - - [16/Jun/2026:16:46:33 +0200] "GET /robots.txt HTTP/2.0" 200 110 "-" "Mozilla/5.0 (Macintosh; Intel Mac OS X 10_15_7) AppleWebKit/537.36 (KHTML, like Gecko) Chrome/131.0.0.0 Safari/537.36; compatible; OAI-SearchBot/1.4; robots.txt; +https://openai.com/searchbot"
65.108.235.243 - - [16/Jun/2026:16:46:35 +0200] "GET /assistenza-lavastoviglie-whirlpool-correggio/ HTTP/1.1" 200 22906 "-" "WP Fastest Cache Preload Bot"
65.108.235.243 - - [16/Jun/2026:16:46:36 +0200] "GET /assistenza-lavastoviglie-smeg-correggio/ HTTP/1.1" 200 22865 "-" "WP Fastest Cache Preload Bot"
65.108.235.243 - - [16/Jun/2026:16:46:36 +0200] "GET /assistenza-lavastoviglie-whirlpool-reggio-emilia/ HTTP/1.1" 200 22894 "-" "WP Fastest Cache Preload Bot"
65.108.235.243 - - [16/Jun/2026:16:46:37 +0200] "GET /assistenza-lavastoviglie-smeg-reggio-emilia/ HTTP/1.1" 200 22862 "-" "WP Fastest Cache Preload Bot"
65.108.235.243 - - [16/Jun/2026:16:48:14 +0200] "POST /wp-cron.php?doing_wp_cron=1781621294.6544480323791503906250 HTTP/1.1" 200 1 "-" "WordPress/7.0; https://reggio-emilia.elettroservicegroup.it"
74.125.151.200 - - [16/Jun/2026:16:48:12 +0200] "GET /assistenza-candy-guastalla/ HTTP/1.1" 200 23001 "-" "Mozilla/5.0 (Linux; Android 6.0.1; Nexus 5X Build/MMB29P) AppleWebKit/537.36 (KHTML, like Gecko) Chrome/148.0.7778.96 Mobile Safari/537.36 (compatible; AdsBot-Google-Mobile; +http://www.google.com/mobile/adsbot.html)"
74.125.151.200 - - [16/Jun/2026:16:48:21 +0200] "GET /wp-content/uploads/elementor/css/post-17710.css?ver=1781591390 HTTP/1.1" 200 2177 "https://reggio-emilia.elettroservicegroup.it/assistenza-candy-guastalla/" "AdsBot-Google (+http://www.google.com/adsbot.html)"
74.125.151.199 - - [16/Jun/2026:16:48:29 +0200] "GET /assistenza-lavatrici/riparazione-1/ HTTP/1.1" 200 16957 "-" "Mozilla/5.0 (Linux; Android 6.0.1; Nexus 5X Build/MMB29P) AppleWebKit/537.36 (KHTML, like Gecko) Chrome/148.0.7778.96 Mobile Safari/537.36 (compatible; AdsBot-Google-Mobile; +http://www.google.com/mobile/adsbot.html)"
74.125.151.199 - - [16/Jun/2026:16:48:31 +0200] "GET /wp-includes/css/dist/block-library/style.min.css?ver=7.0 HTTP/1.1" 200 15998 "https://reggio-emilia.elettroservicegroup.it/assistenza-lavatrici/riparazione-1/" "AdsBot-Google (+http://www.google.com/adsbot.html)"
74.125.151.199 - - [16/Jun/2026:16:48:32 +0200] "GET /wp-includes/js/jquery/ui/core.min.js?ver=1.13.3 HTTP/1.1" 200 6820 "https://reggio-emilia.elettroservicegroup.it/assistenza-lavatrici/riparazione-1/" "AdsBot-Google (+http://www.google.com/adsbot.html)"
74.125.151.199 - - [16/Jun/2026:16:48:32 +0200] "GET /wp-content/themes/generatepress/assets/css/components/comments.min.css?ver=3.6.1 HTTP/1.1" 200 488 "https://reggio-emilia.elettroservicegroup.it/assistenza-lavatrici/riparazione-1/" "AdsBot-Google (+http://www.google.com/adsbot.html)"
74.125.151.199 - - [16/Jun/2026:16:48:33 +0200] "GET /wp-content/plugins/elementor/assets/lib/font-awesome/css/fontawesome.css?ver=5.15.3 HTTP/1.1" 200 12535 "https://reggio-emilia.elettroservicegroup.it/assistenza-lavatrici/riparazione-1/" "AdsBot-Google (+http://www.google.com/adsbot.html)"
74.125.151.199 - - [16/Jun/2026:16:48:33 +0200] "GET /wp-includes/js/comment-reply.min.js?ver=7.0 HTTP/1.1" 200 1248 "https://reggio-emilia.elettroservicegroup.it/assistenza-lavatrici/riparazione-1/" "AdsBot-Google (+http://www.google.com/adsbot.html)"
74.125.151.199 - - [16/Jun/2026:16:48:34 +0200] "GET /wp-json/complianz/v1/banner?lang=it&locale=it_IT&token=lcps HTTP/1.1" 200 82 "https://reggio-emilia.elettroservicegroup.it/assistenza-lavatrici/riparazione-1/" "AdsBot-Google (+http://www.google.com/adsbot.html)"
74.125.151.199 - - [16/Jun/2026:16:48:35 +0200] "GET /wp-content/plugins/elementor/assets/lib/dialog/dialog.min.js?ver=4.9.3 HTTP/1.1" 200 3595 "https://reggio-emilia.elettroservicegroup.it/assistenza-lavatrici/riparazione-1/" "AdsBot-Google (+http://www.google.com/adsbot.html)"
74.125.151.199 - - [16/Jun/2026:16:48:35 +0200] "GET /wp-content/plugins/elementor/assets/js/397f2d183c19202777d6.bundle.min.js HTTP/1.1" 200 8477 "https://reggio-emilia.elettroservicegroup.it/assistenza-lavatrici/riparazione-1/" "AdsBot-Google (+http://www.google.com/adsbot.html)"
74.125.151.199 - - [16/Jun/2026:16:48:36 +0200] "GET /wp-content/plugins/elementor/assets/css/conditionals/dialog.min.css?ver=4.1.3 HTTP/1.1" 200 1428 "https://reggio-emilia.elettroservicegroup.it/assistenza-lavatrici/riparazione-1/" "AdsBot-Google (+http://www.google.com/adsbot.html)"
74.125.151.199 - - [16/Jun/2026:16:48:36 +0200] "GET /wp-content/plugins/elementor/assets/lib/share-link/share-link.min.js?ver=4.1.3 HTTP/1.1" 200 1077 "https://reggio-emilia.elettroservicegroup.it/assistenza-lavatrici/riparazione-1/" "AdsBot-Google (+http://www.google.com/adsbot.html)"
74.125.151.199 - - [16/Jun/2026:16:48:38 +0200] "GET /wp-content/plugins/elementor/assets/lib/swiper/v8/css/swiper.min.css?ver=8.4.5 HTTP/1.1" 200 4251 "https://reggio-emilia.elettroservicegroup.it/assistenza-lavatrici/riparazione-1/" "AdsBot-Google (+http://www.google.com/adsbot.html)"
74.125.151.199 - - [16/Jun/2026:16:48:38 +0200] "GET /wp-content/plugins/elementor/assets/js/lightbox.570c05c5a283cfb6b223.bundle.min.js HTTP/1.1" 200 9102 "https://reggio-emilia.elettroservicegroup.it/assistenza-lavatrici/riparazione-1/" "AdsBot-Google (+http://www.google.com/adsbot.html)"
74.125.151.199 - - [16/Jun/2026:16:48:38 +0200] "GET /wp-content/plugins/elementor/assets/css/conditionals/lightbox.min.css?ver=4.1.3 HTTP/1.1" 200 1760 "https://reggio-emilia.elettroservicegroup.it/assistenza-lavatrici/riparazione-1/" "AdsBot-Google (+http://www.google.com/adsbot.html)"
65.108.235.243 - - [16/Jun/2026:17:07:03 +0200] "POST /wp-cron.php?doing_wp_cron=1781622423.7428810596466064453125 HTTP/1.1" 200 1 "-" "WordPress/7.0; https://reggio-emilia.elettroservicegroup.it"
