216.73.217.139 - - [16/Jun/2026:17:07:01 +0200] "GET /robots.txt HTTP/2.0" 200 110 "-" "Mozilla/5.0 AppleWebKit/537.36 (KHTML, like Gecko; compatible; ClaudeBot/1.0; +claudebot@anthropic.com)"
65.108.235.243 - - [16/Jun/2026:17:07:04 +0200] "GET /assistenza-lavastoviglie-rex-electrolux-rubiera/ HTTP/1.1" 200 22847 "-" "WP Fastest Cache Preload Bot"
65.108.235.243 - - [16/Jun/2026:17:07:04 +0200] "GET /assistenza-lavastoviglie-rex-electrolux-scandiano/ HTTP/1.1" 200 22928 "-" "WP Fastest Cache Preload Bot"
65.108.235.243 - - [16/Jun/2026:17:07:05 +0200] "GET /assistenza-lavastoviglie-rex-electrolux-santilario-denza/ HTTP/1.1" 200 22937 "-" "WP Fastest Cache Preload Bot"
65.108.235.243 - - [16/Jun/2026:17:07:05 +0200] "GET /assistenza-lavastoviglie-rex-electrolux-guastalla/ HTTP/1.1" 200 22879 "-" "WP Fastest Cache Preload Bot"
216.73.217.139 - - [16/Jun/2026:17:08:06 +0200] "GET /wp-content/cache/wpfc-minified/lnwln415/2roae.js HTTP/2.0" 200 32852 "-" "Mozilla/5.0 AppleWebKit/537.36 (KHTML, like Gecko; compatible; ClaudeBot/1.0; +claudebot@anthropic.com)"
141.98.11.134 - - [16/Jun/2026:17:37:43 +0200] "GET / HTTP/1.1" 200 11781 "-" "Mozilla/5.0 (X11; Linux x86_64) AppleWebKit/537.36"
216.73.217.139 - - [16/Jun/2026:17:44:34 +0200] "GET /wp-content/cache/wpfc-minified/2y3c78vb/9q196.css HTTP/2.0" 200 4741 "-" "Mozilla/5.0 AppleWebKit/537.36 (KHTML, like Gecko; compatible; ClaudeBot/1.0; +claudebot@anthropic.com)"
65.108.235.243 - - [16/Jun/2026:17:51:13 +0200] "GET /assistenza-lavastoviglie-rex-electrolux-correggio/ HTTP/1.1" 200 22844 "-" "WP Fastest Cache Preload Bot"
65.108.235.243 - - [16/Jun/2026:17:51:14 +0200] "GET /assistenza-lavastoviglie-rex-electrolux-reggio-emilia/ HTTP/1.1" 200 22842 "-" "WP Fastest Cache Preload Bot"
65.108.235.243 - - [16/Jun/2026:17:51:15 +0200] "GET /assistenza-lavastoviglie-indesit-rubiera/ HTTP/1.1" 200 22887 "-" "WP Fastest Cache Preload Bot"
65.108.235.243 - - [16/Jun/2026:17:51:18 +0200] "GET /assistenza-lavastoviglie-indesit-scandiano/ HTTP/1.1" 200 22899 "-" "WP Fastest Cache Preload Bot"
65.108.235.243 - - [16/Jun/2026:17:51:22 +0200] "POST /wp-json/complianz/v1/wsc-scan HTTP/1.1" 400 88 "-" "WordPress/7.0; https://reggio-emilia.elettroservicegroup.it"
65.108.235.243 - - [16/Jun/2026:17:58:04 +0200] "GET /assistenza-lavastoviglie-indesit-santilario-denza/ HTTP/1.1" 200 22977 "-" "WP Fastest Cache Preload Bot"
65.108.235.243 - - [16/Jun/2026:17:58:07 +0200] "GET /assistenza-lavastoviglie-indesit-guastalla/ HTTP/1.1" 200 22894 "-" "WP Fastest Cache Preload Bot"
65.108.235.243 - - [16/Jun/2026:17:58:09 +0200] "GET /assistenza-lavastoviglie-indesit-correggio/ HTTP/1.1" 200 22897 "-" "WP Fastest Cache Preload Bot"
65.108.235.243 - - [16/Jun/2026:17:58:11 +0200] "GET /assistenza-lavastoviglie-indesit-reggio-emilia/ HTTP/1.1" 200 22890 "-" "WP Fastest Cache Preload Bot"
52.167.144.231 - - [16/Jun/2026:18:10:15 +0200] "GET /assistenza-lavastoviglie-rex-electrolux-correggio/ HTTP/2.0" 200 22822 "-" "Mozilla/5.0 AppleWebKit/537.36 (KHTML, like Gecko; compatible; bingbot/2.0; +http://www.bing.com/bingbot.htm) Chrome/116.0.1938.76 Safari/537.36"
65.108.235.243 - - [16/Jun/2026:18:36:01 +0200] "GET /assistenza-lavastoviglie-bosch-rubiera/ HTTP/1.1" 200 22890 "-" "WP Fastest Cache Preload Bot"
65.108.235.243 - - [16/Jun/2026:18:36:02 +0200] "GET /assistenza-lavastoviglie-bosch-scandiano/ HTTP/1.1" 200 22894 "-" "WP Fastest Cache Preload Bot"
65.108.235.243 - - [16/Jun/2026:18:36:03 +0200] "GET /assistenza-lavastoviglie-bosch-santilario-denza/ HTTP/1.1" 200 22978 "-" "WP Fastest Cache Preload Bot"
65.108.235.243 - - [16/Jun/2026:18:36:05 +0200] "GET /assistenza-lavastoviglie-bosch-guastalla/ HTTP/1.1" 200 22894 "-" "WP Fastest Cache Preload Bot"
34.70.139.217 - - [16/Jun/2026:18:36:43 +0200] "GET / HTTP/2.0" 200 25401 "http://www.reggio-emilia.elettroservicegroup.it" "Mozilla/5.0 (compatible; CMS-Checker/1.0; +https://example.com)"
65.108.235.243 - - [16/Jun/2026:18:39:43 +0200] "POST /wp-cron.php?doing_wp_cron=1781627983.6366949081420898437500 HTTP/1.1" 200 1 "-" "WordPress/7.0; https://reggio-emilia.elettroservicegroup.it"
74.7.227.19 - - [16/Jun/2026:18:39:40 +0200] "GET /sitemap.xml HTTP/2.0" 415 336 "-" "Mozilla/5.0 AppleWebKit/537.36 (KHTML, like Gecko; compatible; GPTBot/1.4; +https://openai.com/gptbot)"
195.176.3.23 - - [16/Jun/2026:18:41:10 +0200] "GET / HTTP/1.1" 415 165830 "-" "python-requests/2.31.0"
65.108.235.243 - - [16/Jun/2026:18:46:29 +0200] "POST /wp-cron.php?doing_wp_cron=1781628389.7586441040039062500000 HTTP/1.1" 200 1 "-" "WordPress/7.0; https://reggio-emilia.elettroservicegroup.it"
74.7.227.19 - - [16/Jun/2026:18:46:27 +0200] "GET /sitemap.rss HTTP/2.0" 415 1464 "-" "Mozilla/5.0 AppleWebKit/537.36 (KHTML, like Gecko; compatible; GPTBot/1.4; +https://openai.com/gptbot)"
65.108.235.243 - - [16/Jun/2026:18:46:30 +0200] "GET /assistenza-lavastoviglie-bosch-correggio/ HTTP/1.1" 200 22895 "-" "WP Fastest Cache Preload Bot"
65.108.235.243 - - [16/Jun/2026:18:46:31 +0200] "GET /assistenza-lavastoviglie-bosch-reggio-emilia/ HTTP/1.1" 200 22891 "-" "WP Fastest Cache Preload Bot"
65.108.235.243 - - [16/Jun/2026:18:46:32 +0200] "GET /assistenza-lavastoviglie-ariston-rubiera/ HTTP/1.1" 200 22925 "-" "WP Fastest Cache Preload Bot"
65.108.235.243 - - [16/Jun/2026:18:46:32 +0200] "GET /assistenza-lavastoviglie-ariston-scandiano/ HTTP/1.1" 200 22930 "-" "WP Fastest Cache Preload Bot"
162.120.188.11 - - [16/Jun/2026:19:11:25 +0200] "GET /assistenza-rex-electrolux-reggio-emilia/?gad_source=1&gad_campaignid=23800353523&gbraid=0AAAABDgs-LQAOwED7AqfwNWIlB-qYXUnJ&gclid=CjwKCAjw857RBhAgEiwAI-1yKLa9iXBaPQrYlJ9Nh0plK-Couba7QizSnihFmA8A15KdV7wmxGeDyxoCH2YQAvD_BwE HTTP/2.0" 200 23051 "https://www.google.com/" "Mozilla/5.0 (Linux; Android 10; K) AppleWebKit/537.36 (KHTML, like Gecko) Chrome/149.0.0.0 Mobile Safari/537.36"
65.108.235.243 - - [16/Jun/2026:19:11:27 +0200] "POST /wp-cron.php?doing_wp_cron=1781629887.0052809715270996093750 HTTP/1.1" 200 1 "-" "WordPress/7.0; https://reggio-emilia.elettroservicegroup.it"
66.249.93.133 - - [16/Jun/2026:19:11:25 +0200] "GET /.well-known/traffic-advice HTTP/1.1" 404 15860 "-" "Chrome Privacy Preserving Prefetch Proxy"
65.108.235.243 - - [16/Jun/2026:19:11:27 +0200] "POST /wp-json/complianz/v1/wsc-scan HTTP/1.1" 400 88 "-" "WordPress/7.0; https://reggio-emilia.elettroservicegroup.it"
65.108.235.243 - - [16/Jun/2026:19:11:27 +0200] "GET /assistenza-lavastoviglie-ariston-santilario-denza/ HTTP/1.1" 200 23010 "-" "WP Fastest Cache Preload Bot"
65.108.235.243 - - [16/Jun/2026:19:11:28 +0200] "GET /assistenza-lavastoviglie-ariston-guastalla/ HTTP/1.1" 200 22923 "-" "WP Fastest Cache Preload Bot"
65.108.235.243 - - [16/Jun/2026:19:11:28 +0200] "GET /assistenza-lavastoviglie-ariston-correggio/ HTTP/1.1" 200 22920 "-" "WP Fastest Cache Preload Bot"
65.108.235.243 - - [16/Jun/2026:19:11:29 +0200] "GET /assistenza-lavastoviglie-ariston-reggio-emilia/ HTTP/1.1" 200 22923 "-" "WP Fastest Cache Preload Bot"
34.70.139.217 - - [16/Jun/2026:19:16:06 +0200] "GET / HTTP/1.1" 200 165814 "-" "Mozilla/5.0 (Windows NT 10.0; Win64; x64) AppleWebKit/537.36 (KHTML, like Gecko) Chrome/78.0.3904.108 Safari/537.36"
65.108.235.243 - - [16/Jun/2026:19:16:06 +0200] "GET /assistenza-lavastoviglie-aeg-rubiera/ HTTP/1.1" 200 22909 "-" "WP Fastest Cache Preload Bot"
34.70.139.217 - - [16/Jun/2026:19:16:07 +0200] "GET //wp-includes/wlwmanifest.xml HTTP/1.1" 301 - "-" "Mozilla/5.0 (Windows NT 10.0; Win64; x64) AppleWebKit/537.36 (KHTML, like Gecko) Chrome/78.0.3904.108 Safari/537.36"
34.70.139.217 - - [16/Jun/2026:19:16:07 +0200] "GET //xmlrpc.php?rsd HTTP/1.1" 403 52 "-" "Mozilla/5.0 (Windows NT 10.0; Win64; x64) AppleWebKit/537.36 (KHTML, like Gecko) Chrome/78.0.3904.108 Safari/537.36"
34.70.139.217 - - [16/Jun/2026:19:16:07 +0200] "GET / HTTP/1.1" 200 165814 "-" "Mozilla/5.0 (Windows NT 10.0; Win64; x64) AppleWebKit/537.36 (KHTML, like Gecko) Chrome/78.0.3904.108 Safari/537.36"
65.108.235.243 - - [16/Jun/2026:19:16:07 +0200] "GET /assistenza-lavastoviglie-aeg-scandiano/ HTTP/1.1" 200 22914 "-" "WP Fastest Cache Preload Bot"
34.70.139.217 - - [16/Jun/2026:19:16:08 +0200] "GET //?author=1 HTTP/1.1" 404 67316 "-" "Mozilla/5.0 (Windows NT 10.0; Win64; x64) AppleWebKit/537.36 (KHTML, like Gecko) Chrome/78.0.3904.108 Safari/537.36"
34.70.139.217 - - [16/Jun/2026:19:16:10 +0200] "GET //?author=2 HTTP/1.1" 404 67316 "-" "Mozilla/5.0 (Windows NT 10.0; Win64; x64) AppleWebKit/537.36 (KHTML, like Gecko) Chrome/78.0.3904.108 Safari/537.36"
65.108.235.243 - - [16/Jun/2026:19:16:09 +0200] "GET /assistenza-lavastoviglie-aeg-santilario-denza/ HTTP/1.1" 200 22986 "-" "WP Fastest Cache Preload Bot"
34.70.139.217 - - [16/Jun/2026:19:16:12 +0200] "GET //wp-json/wp/v2/users/ HTTP/1.1" 401 108 "-" "Mozilla/5.0 (Windows NT 10.0; Win64; x64) AppleWebKit/537.36 (KHTML, like Gecko) Chrome/78.0.3904.108 Safari/537.36"
65.108.235.243 - - [16/Jun/2026:19:16:12 +0200] "GET /assistenza-lavastoviglie-aeg-guastalla/ HTTP/1.1" 200 23043 "-" "WP Fastest Cache Preload Bot"
34.70.139.217 - - [16/Jun/2026:19:16:14 +0200] "GET //wp-json/oembed/1.0/embed?url=https://reggio-emilia.elettroservicegroup.it/ HTTP/1.1" 200 2273 "-" "Mozilla/5.0 (Windows NT 10.0; Win64; x64) AppleWebKit/537.36 (KHTML, like Gecko) Chrome/78.0.3904.108 Safari/537.36"
34.70.139.217 - - [16/Jun/2026:19:16:16 +0200] "POST //xmlrpc.php HTTP/1.1" 403 52 "-" "Mozilla/5.0 (Windows NT 10.0; Win64; x64) AppleWebKit/537.36 (KHTML, like Gecko) Chrome/78.0.3904.108 Safari/537.36"
65.108.235.243 - - [16/Jun/2026:19:20:09 +0200] "POST /wp-cron.php?doing_wp_cron=1781630409.1549580097198486328125 HTTP/1.1" 200 1 "-" "WordPress/7.0; https://reggio-emilia.elettroservicegroup.it"
34.170.189.242 - - [16/Jun/2026:19:20:07 +0200] "GET /.env HTTP/1.1" 301 1 "-" "Mozilla/5.0 (Macintosh; Intel Mac OS X 10_15_7) AppleWebKit/537.36 (KHTML, like Gecko) Chrome/142.0.0.0 Safari/537.36"
65.108.235.243 - - [16/Jun/2026:19:45:18 +0200] "POST /wp-cron.php?doing_wp_cron=1781631918.4126861095428466796875 HTTP/1.1" 200 1 "-" "WordPress/7.0; https://reggio-emilia.elettroservicegroup.it"
104.207.33.67 - - [16/Jun/2026:19:45:14 +0200] "GET /wp-login.php HTTP/2.0" 200 3220 "-" "Mozilla/5.0 (Windows NT 10.0; Win64; x64) AppleWebKit/537.36 (KHTML, like Gecko) Chrome/124.0.0.0 Safari/537.36"
104.207.33.67 - - [16/Jun/2026:19:45:20 +0200] "GET /wp-login.php?wp_lang=en_US HTTP/2.0" 200 2451 "-" "Mozilla/5.0 (Macintosh; Intel Mac OS X 10_15_7) AppleWebKit/605.1.15 (KHTML, like Gecko) Version/18.0 Safari/605.1.15"
104.207.33.67 - - [16/Jun/2026:19:45:21 +0200] "POST /wp-login.php?wp_lang=en_US HTTP/2.0" 200 2571 "https://reggio-emilia.elettroservicegroup.it/wp-login.php?wp_lang=en_US" "Mozilla/5.0 (Macintosh; Intel Mac OS X 10_15_7) AppleWebKit/605.1.15 (KHTML, like Gecko) Version/18.0 Safari/605.1.15"
65.108.235.243 - - [16/Jun/2026:19:45:21 +0200] "GET /assistenza-lavastoviglie-aeg-correggio/ HTTP/1.1" 200 23041 "-" "WP Fastest Cache Preload Bot"
65.108.235.243 - - [16/Jun/2026:19:45:24 +0200] "GET /assistenza-lavastoviglie-aeg-reggio-emilia/ HTTP/1.1" 200 22904 "-" "WP Fastest Cache Preload Bot"
216.26.226.26 - - [16/Jun/2026:19:45:25 +0200] "GET /wp-login.php?wp_lang=en_US HTTP/2.0" 200 2451 "-" "Mozilla/5.0 (Windows NT 10.0; Win64; x64; rv:133.0) Gecko/20100101 Firefox/133.0"
65.108.235.243 - - [16/Jun/2026:19:45:26 +0200] "GET /assistenza-indesit-rubiera/ HTTP/1.1" 200 22927 "-" "WP Fastest Cache Preload Bot"
216.26.226.26 - - [16/Jun/2026:19:45:28 +0200] "POST /wp-login.php?wp_lang=en_US HTTP/2.0" 200 2571 "https://reggio-emilia.elettroservicegroup.it/wp-login.php?wp_lang=en_US" "Mozilla/5.0 (Windows NT 10.0; Win64; x64; rv:133.0) Gecko/20100101 Firefox/133.0"
104.207.51.123 - - [16/Jun/2026:19:45:31 +0200] "GET /wp-login.php?wp_lang=en_US HTTP/2.0" 200 2451 "-" "Mozilla/5.0 (Windows NT 10.0; Win64; x64; rv:133.0) Gecko/20100101 Firefox/133.0"
65.108.235.243 - - [16/Jun/2026:19:45:31 +0200] "GET /assistenza-lavastoviglie-rubiera/ HTTP/1.1" 200 23576 "-" "WP Fastest Cache Preload Bot"
104.207.51.123 - - [16/Jun/2026:19:45:33 +0200] "POST /wp-login.php?wp_lang=en_US HTTP/2.0" 200 2571 "https://reggio-emilia.elettroservicegroup.it/wp-login.php?wp_lang=en_US" "Mozilla/5.0 (Windows NT 10.0; Win64; x64; rv:133.0) Gecko/20100101 Firefox/133.0"
45.3.53.237 - - [16/Jun/2026:19:45:37 +0200] "GET /wp-login.php?wp_lang=en_US HTTP/2.0" 200 11815 "-" "Mozilla/5.0 (Macintosh; Intel Mac OS X 10_15_7) AppleWebKit/605.1.15 (KHTML, like Gecko) Version/18.0 Safari/605.1.15"
65.108.235.243 - - [16/Jun/2026:19:45:41 +0200] "POST /wp-cron.php?doing_wp_cron=1781631940.9063189029693603515625 HTTP/1.1" 200 1 "-" "WordPress/7.0; https://reggio-emilia.elettroservicegroup.it"
209.50.171.197 - - [16/Jun/2026:19:45:38 +0200] "GET /wp-login.php?wp_lang=en_US HTTP/2.0" 200 2451 "-" "Mozilla/5.0 (Macintosh; Intel Mac OS X 10_15_7) AppleWebKit/605.1.15 (KHTML, like Gecko) Version/18.0 Safari/605.1.15"
209.50.171.197 - - [16/Jun/2026:19:45:41 +0200] "POST /wp-login.php?wp_lang=en_US HTTP/2.0" 200 2571 "https://reggio-emilia.elettroservicegroup.it/wp-login.php?wp_lang=en_US" "Mozilla/5.0 (Macintosh; Intel Mac OS X 10_15_7) AppleWebKit/605.1.15 (KHTML, like Gecko) Version/18.0 Safari/605.1.15"
65.108.235.243 - - [16/Jun/2026:19:45:47 +0200] "POST /wp-cron.php?doing_wp_cron=1781631947.4016790390014648437500 HTTP/1.1" 200 1 "-" "WordPress/7.0; https://reggio-emilia.elettroservicegroup.it"
104.207.58.70 - - [16/Jun/2026:19:45:45 +0200] "GET /wp-login.php?wp_lang=en_US HTTP/2.0" 200 2451 "-" "Mozilla/5.0 (Windows NT 10.0; Win64; x64) AppleWebKit/537.36 (KHTML, like Gecko) Chrome/124.0.0.0 Safari/537.36"
104.207.58.70 - - [16/Jun/2026:19:45:48 +0200] "POST /wp-login.php?wp_lang=en_US HTTP/2.0" 200 2571 "https://reggio-emilia.elettroservicegroup.it/wp-login.php?wp_lang=en_US" "Mozilla/5.0 (Windows NT 10.0; Win64; x64) AppleWebKit/537.36 (KHTML, like Gecko) Chrome/124.0.0.0 Safari/537.36"
104.207.43.115 - - [16/Jun/2026:19:45:52 +0200] "GET /wp-login.php?wp_lang=en_US HTTP/2.0" 200 11840 "-" "Mozilla/5.0 (Macintosh; Intel Mac OS X 10_15_7) AppleWebKit/605.1.15 (KHTML, like Gecko) Version/18.0 Safari/605.1.15"
209.50.189.51 - - [16/Jun/2026:19:45:53 +0200] "GET /wp-login.php?wp_lang=en_US HTTP/2.0" 200 2451 "-" "Mozilla/5.0 (Windows NT 10.0; Win64; x64; rv:133.0) Gecko/20100101 Firefox/133.0"
65.108.235.243 - - [16/Jun/2026:19:45:51 +0200] "GET /assistenza-indesit-scandiano/ HTTP/1.1" 200 22924 "-" "WP Fastest Cache Preload Bot"
209.50.189.51 - - [16/Jun/2026:19:45:56 +0200] "POST /wp-login.php?wp_lang=en_US HTTP/2.0" 200 2571 "https://reggio-emilia.elettroservicegroup.it/wp-login.php?wp_lang=en_US" "Mozilla/5.0 (Windows NT 10.0; Win64; x64; rv:133.0) Gecko/20100101 Firefox/133.0"
65.108.235.243 - - [16/Jun/2026:19:45:56 +0200] "GET /assistenza-lavastoviglie-scandiano/ HTTP/1.1" 200 23424 "-" "WP Fastest Cache Preload Bot"
45.3.47.209 - - [16/Jun/2026:19:46:00 +0200] "GET /wp-login.php?wp_lang=en_US HTTP/2.0" 200 2451 "-" "Mozilla/5.0 (Windows NT 10.0; Win64; x64; rv:133.0) Gecko/20100101 Firefox/133.0"
45.3.47.209 - - [16/Jun/2026:19:46:02 +0200] "POST /wp-login.php?wp_lang=en_US HTTP/2.0" 200 2571 "https://reggio-emilia.elettroservicegroup.it/wp-login.php?wp_lang=en_US" "Mozilla/5.0 (Windows NT 10.0; Win64; x64; rv:133.0) Gecko/20100101 Firefox/133.0"
65.108.235.243 - - [16/Jun/2026:19:46:02 +0200] "GET /assistenza-lavastoviglie-santilario-denza/ HTTP/1.1" 200 23501 "-" "WP Fastest Cache Preload Bot"
209.50.166.68 - - [16/Jun/2026:19:46:08 +0200] "GET /wp-login.php?wp_lang=en_US HTTP/2.0" 200 2451 "-" "Mozilla/5.0 (Windows NT 10.0; Win64; x64; rv:133.0) Gecko/20100101 Firefox/133.0"
65.108.235.243 - - [16/Jun/2026:19:46:07 +0200] "GET /assistenza-indesit-santilario-denza/ HTTP/1.1" 200 22984 "-" "WP Fastest Cache Preload Bot"
209.50.166.68 - - [16/Jun/2026:19:46:10 +0200] "POST /wp-login.php?wp_lang=en_US HTTP/2.0" 200 2571 "https://reggio-emilia.elettroservicegroup.it/wp-login.php?wp_lang=en_US" "Mozilla/5.0 (Windows NT 10.0; Win64; x64; rv:133.0) Gecko/20100101 Firefox/133.0"
216.26.234.179 - - [16/Jun/2026:19:46:15 +0200] "GET /wp-login.php?wp_lang=en_US HTTP/2.0" 200 11730 "-" "Mozilla/5.0 (Windows NT 10.0; Win64; x64) AppleWebKit/537.36 (KHTML, like Gecko) Chrome/124.0.0.0 Safari/537.36"
65.108.235.243 - - [16/Jun/2026:19:46:17 +0200] "POST /wp-cron.php?doing_wp_cron=1781631977.0109159946441650390625 HTTP/1.1" 200 1 "-" "WordPress/7.0; https://reggio-emilia.elettroservicegroup.it"
217.181.90.202 - - [16/Jun/2026:19:46:15 +0200] "GET /wp-login.php?wp_lang=en_US HTTP/2.0" 200 2451 "-" "Mozilla/5.0 (Macintosh; Intel Mac OS X 10_15_7) AppleWebKit/605.1.15 (KHTML, like Gecko) Version/18.0 Safari/605.1.15"
217.181.90.202 - - [16/Jun/2026:19:46:17 +0200] "POST /wp-login.php?wp_lang=en_US HTTP/2.0" 200 2571 "https://reggio-emilia.elettroservicegroup.it/wp-login.php?wp_lang=en_US" "Mozilla/5.0 (Macintosh; Intel Mac OS X 10_15_7) AppleWebKit/605.1.15 (KHTML, like Gecko) Version/18.0 Safari/605.1.15"
209.50.167.206 - - [16/Jun/2026:19:46:19 +0200] "GET /wp-login.php?wp_lang=en_US HTTP/2.0" 200 2451 "-" "Mozilla/5.0 (Windows NT 10.0; Win64; x64) AppleWebKit/537.36 (KHTML, like Gecko) Chrome/124.0.0.0 Safari/537.36"
209.50.167.206 - - [16/Jun/2026:19:46:20 +0200] "POST /wp-login.php?wp_lang=en_US HTTP/2.0" 200 2571 "https://reggio-emilia.elettroservicegroup.it/wp-login.php?wp_lang=en_US" "Mozilla/5.0 (Windows NT 10.0; Win64; x64) AppleWebKit/537.36 (KHTML, like Gecko) Chrome/124.0.0.0 Safari/537.36"
79.47.61.118 - - [16/Jun/2026:19:51:15 +0200] "GET /assistenza-condizionatori-reggio-emilia/ HTTP/2.0" 200 20249 "-" "Mozilla/5.0 (X11; Linux x86_64) AppleWebKit/537.36 (KHTML, like Gecko) SamsungBrowser/30.0 Chrome/143.0.0.0 Safari/537.36"
79.47.61.118 - - [16/Jun/2026:19:51:15 +0200] "GET /wp-content/uploads/elementor/css/post-14146.css?ver=1781536291 HTTP/2.0" 200 428 "https://reggio-emilia.elettroservicegroup.it/assistenza-condizionatori-reggio-emilia/" "Mozilla/5.0 (X11; Linux x86_64) AppleWebKit/537.36 (KHTML, like Gecko) SamsungBrowser/30.0 Chrome/143.0.0.0 Safari/537.36"
79.47.61.118 - - [16/Jun/2026:19:51:15 +0200] "GET /wp-content/cache/wpfc-minified/ky0w1tys/2roae.css HTTP/2.0" 200 418 "https://reggio-emilia.elettroservicegroup.it/assistenza-condizionatori-reggio-emilia/" "Mozilla/5.0 (X11; Linux x86_64) AppleWebKit/537.36 (KHTML, like Gecko) SamsungBrowser/30.0 Chrome/143.0.0.0 Safari/537.36"
79.47.61.118 - - [16/Jun/2026:19:51:15 +0200] "GET /wp-content/uploads/elementor/css/post-15289.css?ver=1781547539 HTTP/2.0" 200 1794 "https://reggio-emilia.elettroservicegroup.it/assistenza-condizionatori-reggio-emilia/" "Mozilla/5.0 (X11; Linux x86_64) AppleWebKit/537.36 (KHTML, like Gecko) SamsungBrowser/30.0 Chrome/143.0.0.0 Safari/537.36"
79.47.61.118 - - [16/Jun/2026:19:51:15 +0200] "GET /wp-content/cache/wpfc-minified/l9m140dq/2roae.css HTTP/2.0" 200 7521 "https://reggio-emilia.elettroservicegroup.it/assistenza-condizionatori-reggio-emilia/" "Mozilla/5.0 (X11; Linux x86_64) AppleWebKit/537.36 (KHTML, like Gecko) SamsungBrowser/30.0 Chrome/143.0.0.0 Safari/537.36"
79.47.61.118 - - [16/Jun/2026:19:51:15 +0200] "GET /wp-content/cache/wpfc-minified/kwp9n0f5/2roag.css HTTP/2.0" 200 7263 "https://reggio-emilia.elettroservicegroup.it/assistenza-condizionatori-reggio-emilia/" "Mozilla/5.0 (X11; Linux x86_64) AppleWebKit/537.36 (KHTML, like Gecko) SamsungBrowser/30.0 Chrome/143.0.0.0 Safari/537.36"
79.47.61.118 - - [16/Jun/2026:19:51:15 +0200] "GET /wp-content/uploads/elementor/css/post-14366.css?ver=1781536291 HTTP/2.0" 200 302 "https://reggio-emilia.elettroservicegroup.it/assistenza-condizionatori-reggio-emilia/" "Mozilla/5.0 (X11; Linux x86_64) AppleWebKit/537.36 (KHTML, like Gecko) SamsungBrowser/30.0 Chrome/143.0.0.0 Safari/537.36"
79.47.61.118 - - [16/Jun/2026:19:51:15 +0200] "GET /wp-content/cache/wpfc-minified/3kc3wt3/3tw7a.css HTTP/2.0" 200 16442 "https://reggio-emilia.elettroservicegroup.it/assistenza-condizionatori-reggio-emilia/" "Mozilla/5.0 (X11; Linux x86_64) AppleWebKit/537.36 (KHTML, like Gecko) SamsungBrowser/30.0 Chrome/143.0.0.0 Safari/537.36"
79.47.61.118 - - [16/Jun/2026:19:51:15 +0200] "GET /wp-content/cache/wpfc-minified/m8ydgnxm/2roae.css HTTP/2.0" 200 4410 "https://reggio-emilia.elettroservicegroup.it/assistenza-condizionatori-reggio-emilia/" "Mozilla/5.0 (X11; Linux x86_64) AppleWebKit/537.36 (KHTML, like Gecko) SamsungBrowser/30.0 Chrome/143.0.0.0 Safari/537.36"
79.47.61.118 - - [16/Jun/2026:19:51:15 +0200] "GET /wp-content/cache/wpfc-minified/8tnr6p1l/2roae.css HTTP/2.0" 200 2043 "https://reggio-emilia.elettroservicegroup.it/assistenza-condizionatori-reggio-emilia/" "Mozilla/5.0 (X11; Linux x86_64) AppleWebKit/537.36 (KHTML, like Gecko) SamsungBrowser/30.0 Chrome/143.0.0.0 Safari/537.36"
79.47.61.118 - - [16/Jun/2026:19:51:15 +0200] "GET /wp-content/cache/wpfc-minified/g52dp1tu/2roae.css HTTP/2.0" 200 19034 "https://reggio-emilia.elettroservicegroup.it/assistenza-condizionatori-reggio-emilia/" "Mozilla/5.0 (X11; Linux x86_64) AppleWebKit/537.36 (KHTML, like Gecko) SamsungBrowser/30.0 Chrome/143.0.0.0 Safari/537.36"
79.47.61.118 - - [16/Jun/2026:19:51:15 +0200] "GET /wp-content/uploads/2021/10/cropped-logo_white_background.png HTTP/2.0" 200 15855 "https://reggio-emilia.elettroservicegroup.it/assistenza-condizionatori-reggio-emilia/" "Mozilla/5.0 (X11; Linux x86_64) AppleWebKit/537.36 (KHTML, like Gecko) SamsungBrowser/30.0 Chrome/143.0.0.0 Safari/537.36"
79.47.61.118 - - [16/Jun/2026:19:51:15 +0200] "GET /wp-content/plugins/gp-premium/menu-plus/functions/js/sticky.min.js?ver=2.5.5 HTTP/2.0" 200 2670 "https://reggio-emilia.elettroservicegroup.it/assistenza-condizionatori-reggio-emilia/" "Mozilla/5.0 (X11; Linux x86_64) AppleWebKit/537.36 (KHTML, like Gecko) SamsungBrowser/30.0 Chrome/143.0.0.0 Safari/537.36"
79.47.61.118 - - [16/Jun/2026:19:51:15 +0200] "GET /wp-content/uploads/2021/10/cropped-cropped-cropped-logo_white_background.png HTTP/2.0" 200 26788 "https://reggio-emilia.elettroservicegroup.it/assistenza-condizionatori-reggio-emilia/" "Mozilla/5.0 (X11; Linux x86_64) AppleWebKit/537.36 (KHTML, like Gecko) SamsungBrowser/30.0 Chrome/143.0.0.0 Safari/537.36"
79.47.61.118 - - [16/Jun/2026:19:51:15 +0200] "GET /wp-content/cache/wpfc-minified/6jxfx2dx/43zik.js HTTP/2.0" 200 37598 "https://reggio-emilia.elettroservicegroup.it/assistenza-condizionatori-reggio-emilia/" "Mozilla/5.0 (X11; Linux x86_64) AppleWebKit/537.36 (KHTML, like Gecko) SamsungBrowser/30.0 Chrome/143.0.0.0 Safari/537.36"
79.47.61.118 - - [16/Jun/2026:19:51:15 +0200] "GET /wp-content/plugins/elementor/assets/js/webpack.runtime.min.js?ver=4.1.3 HTTP/2.0" 200 2340 "https://reggio-emilia.elettroservicegroup.it/assistenza-condizionatori-reggio-emilia/" "Mozilla/5.0 (X11; Linux x86_64) AppleWebKit/537.36 (KHTML, like Gecko) SamsungBrowser/30.0 Chrome/143.0.0.0 Safari/537.36"
79.47.61.118 - - [16/Jun/2026:19:51:15 +0200] "GET /wp-content/plugins/elementor/assets/js/frontend-modules.min.js?ver=4.1.3 HTTP/2.0" 200 15454 "https://reggio-emilia.elettroservicegroup.it/assistenza-condizionatori-reggio-emilia/" "Mozilla/5.0 (X11; Linux x86_64) AppleWebKit/537.36 (KHTML, like Gecko) SamsungBrowser/30.0 Chrome/143.0.0.0 Safari/537.36"
79.47.61.118 - - [16/Jun/2026:19:51:15 +0200] "GET /wp-includes/js/jquery/ui/core.min.js?ver=1.13.3 HTTP/2.0" 200 6820 "https://reggio-emilia.elettroservicegroup.it/assistenza-condizionatori-reggio-emilia/" "Mozilla/5.0 (X11; Linux x86_64) AppleWebKit/537.36 (KHTML, like Gecko) SamsungBrowser/30.0 Chrome/143.0.0.0 Safari/537.36"
79.47.61.118 - - [16/Jun/2026:19:51:15 +0200] "GET /wp-content/plugins/elementor/assets/js/frontend.min.js?ver=4.1.3 HTTP/2.0" 200 10140 "https://reggio-emilia.elettroservicegroup.it/assistenza-condizionatori-reggio-emilia/" "Mozilla/5.0 (X11; Linux x86_64) AppleWebKit/537.36 (KHTML, like Gecko) SamsungBrowser/30.0 Chrome/143.0.0.0 Safari/537.36"
79.47.61.118 - - [16/Jun/2026:19:51:15 +0200] "GET /wp-content/themes/generatepress/assets/js/menu.min.js?ver=3.6.1 HTTP/2.0" 200 1688 "https://reggio-emilia.elettroservicegroup.it/assistenza-condizionatori-reggio-emilia/" "Mozilla/5.0 (X11; Linux x86_64) AppleWebKit/537.36 (KHTML, like Gecko) SamsungBrowser/30.0 Chrome/143.0.0.0 Safari/537.36"
79.47.61.118 - - [16/Jun/2026:19:51:15 +0200] "GET /wp-content/themes/generatepress/assets/js/back-to-top.min.js?ver=3.6.1 HTTP/2.0" 200 336 "https://reggio-emilia.elettroservicegroup.it/assistenza-condizionatori-reggio-emilia/" "Mozilla/5.0 (X11; Linux x86_64) AppleWebKit/537.36 (KHTML, like Gecko) SamsungBrowser/30.0 Chrome/143.0.0.0 Safari/537.36"
79.47.61.118 - - [16/Jun/2026:19:51:15 +0200] "GET /wp-content/plugins/complianz-gdpr-premium/cookiebanner/js/complianz.min.js?ver=1781536286 HTTP/2.0" 200 10762 "https://reggio-emilia.elettroservicegroup.it/assistenza-condizionatori-reggio-emilia/" "Mozilla/5.0 (X11; Linux x86_64) AppleWebKit/537.36 (KHTML, like Gecko) SamsungBrowser/30.0 Chrome/143.0.0.0 Safari/537.36"
79.47.61.118 - - [16/Jun/2026:19:51:15 +0200] "GET /wp-content/uploads/2021/10/condizionatore-bonus.jpg HTTP/2.0" 200 415976 "https://reggio-emilia.elettroservicegroup.it/wp-content/uploads/elementor/css/post-15289.css?ver=1781547539" "Mozilla/5.0 (X11; Linux x86_64) AppleWebKit/537.36 (KHTML, like Gecko) SamsungBrowser/30.0 Chrome/143.0.0.0 Safari/537.36"
79.47.61.118 - - [16/Jun/2026:19:51:15 +0200] "GET /wp-content/uploads/elementor/google-fonts/fonts/roboto-kfo7cnqeu92fr1me7ksn66agldtyluama3yuba.woff2 HTTP/2.0" 200 40132 "https://reggio-emilia.elettroservicegroup.it/wp-content/cache/wpfc-minified/8tnr6p1l/2roae.css" "Mozilla/5.0 (X11; Linux x86_64) AppleWebKit/537.36 (KHTML, like Gecko) SamsungBrowser/30.0 Chrome/143.0.0.0 Safari/537.36"
79.47.61.118 - - [16/Jun/2026:19:51:15 +0200] "GET /wp-content/uploads/2021/10/TECNICO-ELETTRODOMESTICI-3.jpg HTTP/2.0" 200 23089 "https://reggio-emilia.elettroservicegroup.it/assistenza-condizionatori-reggio-emilia/" "Mozilla/5.0 (X11; Linux x86_64) AppleWebKit/537.36 (KHTML, like Gecko) SamsungBrowser/30.0 Chrome/143.0.0.0 Safari/537.36"
79.47.61.118 - - [16/Jun/2026:19:51:15 +0200] "GET /wp-content/uploads/2021/10/Condizionatore.jpg HTTP/2.0" 200 21854 "https://reggio-emilia.elettroservicegroup.it/assistenza-condizionatori-reggio-emilia/" "Mozilla/5.0 (X11; Linux x86_64) AppleWebKit/537.36 (KHTML, like Gecko) SamsungBrowser/30.0 Chrome/143.0.0.0 Safari/537.36"
79.47.61.118 - - [16/Jun/2026:19:51:15 +0200] "GET /wp-content/plugins/elementor/assets/js/section-frontend-handlers.d85ab872da118940910d.bundle.min.js HTTP/2.0" 200 230 "https://reggio-emilia.elettroservicegroup.it/assistenza-condizionatori-reggio-emilia/" "Mozilla/5.0 (X11; Linux x86_64) AppleWebKit/537.36 (KHTML, like Gecko) SamsungBrowser/30.0 Chrome/143.0.0.0 Safari/537.36"
79.47.61.118 - - [16/Jun/2026:19:51:15 +0200] "GET /wp-content/plugins/elementor/assets/js/shared-frontend-handlers.03caa53373b56d3bab67.bundle.min.js HTTP/2.0" 200 2515 "https://reggio-emilia.elettroservicegroup.it/assistenza-condizionatori-reggio-emilia/" "Mozilla/5.0 (X11; Linux x86_64) AppleWebKit/537.36 (KHTML, like Gecko) SamsungBrowser/30.0 Chrome/143.0.0.0 Safari/537.36"
79.47.61.118 - - [16/Jun/2026:19:51:15 +0200] "GET /wp-content/plugins/elementor/assets/js/text-editor.45609661e409413f1cef.bundle.min.js HTTP/2.0" 200 592 "https://reggio-emilia.elettroservicegroup.it/assistenza-condizionatori-reggio-emilia/" "Mozilla/5.0 (X11; Linux x86_64) AppleWebKit/537.36 (KHTML, like Gecko) SamsungBrowser/30.0 Chrome/143.0.0.0 Safari/537.36"
79.47.61.118 - - [16/Jun/2026:19:51:16 +0200] "GET /wp-content/uploads/2021/10/cropped-cropped-cropped-cropped-logo_white_background-192x192.png HTTP/2.0" 200 15729 "https://reggio-emilia.elettroservicegroup.it/assistenza-condizionatori-reggio-emilia/" "Mozilla/5.0 (X11; Linux x86_64) AppleWebKit/537.36 (KHTML, like Gecko) SamsungBrowser/30.0 Chrome/143.0.0.0 Safari/537.36"
79.47.61.118 - - [16/Jun/2026:19:51:16 +0200] "GET /wp-content/uploads/2021/10/cropped-cropped-cropped-cropped-logo_white_background-180x180.png HTTP/2.0" 200 16527 "https://reggio-emilia.elettroservicegroup.it/assistenza-condizionatori-reggio-emilia/" "Mozilla/5.0 (X11; Linux x86_64) AppleWebKit/537.36 (KHTML, like Gecko) SamsungBrowser/30.0 Chrome/143.0.0.0 Safari/537.36"
65.108.235.243 - - [16/Jun/2026:19:51:17 +0200] "POST /wp-cron.php?doing_wp_cron=1781632277.3482959270477294921875 HTTP/1.1" 200 1 "-" "WordPress/7.0; https://reggio-emilia.elettroservicegroup.it"
79.47.61.118 - - [16/Jun/2026:19:51:15 +0200] "GET /wp-json/complianz/v1/banner?lang=it&locale=it_IT&token=fhxgz HTTP/2.0" 200 82 "https://reggio-emilia.elettroservicegroup.it/assistenza-condizionatori-reggio-emilia/" "Mozilla/5.0 (X11; Linux x86_64) AppleWebKit/537.36 (KHTML, like Gecko) SamsungBrowser/30.0 Chrome/143.0.0.0 Safari/537.36"
79.47.61.118 - - [16/Jun/2026:19:51:17 +0200] "GET /wp-content/uploads/complianz/css/banner-1-optin.css?v=511 HTTP/2.0" 200 2862 "https://reggio-emilia.elettroservicegroup.it/assistenza-condizionatori-reggio-emilia/" "Mozilla/5.0 (X11; Linux x86_64) AppleWebKit/537.36 (KHTML, like Gecko) SamsungBrowser/30.0 Chrome/143.0.0.0 Safari/537.36"
79.47.61.118 - - [16/Jun/2026:19:51:17 +0200] "GET /wp-json/complianz/v1/cookie_data HTTP/2.0" 200 82 "https://reggio-emilia.elettroservicegroup.it/assistenza-condizionatori-reggio-emilia/" "Mozilla/5.0 (X11; Linux x86_64) AppleWebKit/537.36 (KHTML, like Gecko) SamsungBrowser/30.0 Chrome/143.0.0.0 Safari/537.36"
65.108.235.243 - - [16/Jun/2026:19:51:18 +0200] "GET /assistenza-lavastoviglie-guastalla/ HTTP/1.1" 200 23419 "-" "WP Fastest Cache Preload Bot"
65.108.235.243 - - [16/Jun/2026:19:51:19 +0200] "GET /assistenza-lavastoviglie-correggio/ HTTP/1.1" 200 23420 "-" "WP Fastest Cache Preload Bot"
65.108.235.243 - - [16/Jun/2026:19:51:19 +0200] "GET /assistenza-indesit-guastalla/ HTTP/1.1" 200 22926 "-" "WP Fastest Cache Preload Bot"
65.108.235.243 - - [16/Jun/2026:19:51:20 +0200] "GET /assistenza-lavastoviglie-reggio-emilia/ HTTP/1.1" 200 23367 "-" "WP Fastest Cache Preload Bot"
79.47.61.118 - - [16/Jun/2026:19:51:21 +0200] "POST /wp-json/complianz/v1/track HTTP/2.0" 200 20 "https://reggio-emilia.elettroservicegroup.it/assistenza-condizionatori-reggio-emilia/" "Mozilla/5.0 (X11; Linux x86_64) AppleWebKit/537.36 (KHTML, like Gecko) SamsungBrowser/30.0 Chrome/143.0.0.0 Safari/537.36"
79.47.61.118 - - [16/Jun/2026:19:52:59 +0200] "GET /assistenza-condizionatori-reggio-emilia/ HTTP/2.0" 200 20249 "-" "Mozilla/5.0 (X11; Linux x86_64) AppleWebKit/537.36 (KHTML, like Gecko) SamsungBrowser/30.0 Chrome/143.0.0.0 Safari/537.36"
79.47.61.118 - - [16/Jun/2026:19:56:54 +0200] "GET /assistenza-condizionatori-reggio-emilia/ HTTP/2.0" 200 20249 "-" "Mozilla/5.0 (X11; Linux x86_64) AppleWebKit/537.36 (KHTML, like Gecko) SamsungBrowser/30.0 Chrome/143.0.0.0 Safari/537.36"
65.108.235.243 - - [16/Jun/2026:19:56:56 +0200] "POST /wp-cron.php?doing_wp_cron=1781632616.8394970893859863281250 HTTP/1.1" 200 1 "-" "WordPress/7.0; https://reggio-emilia.elettroservicegroup.it"
79.47.61.118 - - [16/Jun/2026:19:56:55 +0200] "GET /wp-json/complianz/v1/banner?lang=it&locale=it_IT&token=cvgzw HTTP/2.0" 200 82 "https://reggio-emilia.elettroservicegroup.it/assistenza-condizionatori-reggio-emilia/" "Mozilla/5.0 (X11; Linux x86_64) AppleWebKit/537.36 (KHTML, like Gecko) SamsungBrowser/30.0 Chrome/143.0.0.0 Safari/537.36"
79.47.61.118 - - [16/Jun/2026:19:56:57 +0200] "GET /wp-json/complianz/v1/cookie_data HTTP/2.0" 200 82 "https://reggio-emilia.elettroservicegroup.it/assistenza-condizionatori-reggio-emilia/" "Mozilla/5.0 (X11; Linux x86_64) AppleWebKit/537.36 (KHTML, like Gecko) SamsungBrowser/30.0 Chrome/143.0.0.0 Safari/537.36"
65.108.235.243 - - [16/Jun/2026:19:56:57 +0200] "GET /assistenza-indesit-correggio/ HTTP/1.1" 200 22924 "-" "WP Fastest Cache Preload Bot"
65.108.235.243 - - [16/Jun/2026:19:56:58 +0200] "GET /assistenza-indesit-reggio-emilia/ HTTP/1.1" 200 22916 "-" "WP Fastest Cache Preload Bot"
65.108.235.243 - - [16/Jun/2026:19:56:58 +0200] "GET /assistenza-candy-rubiera/ HTTP/1.1" 200 22945 "-" "WP Fastest Cache Preload Bot"
65.108.235.243 - - [16/Jun/2026:19:56:59 +0200] "GET /assistenza-candy-scandiano/ HTTP/1.1" 200 22955 "-" "WP Fastest Cache Preload Bot"
65.108.235.243 - - [16/Jun/2026:20:00:50 +0200] "GET /assistenza-candy-santilario-denza/ HTTP/1.1" 200 23011 "-" "WP Fastest Cache Preload Bot"
65.108.235.243 - - [16/Jun/2026:20:00:50 +0200] "GET /assistenza-candy-guastalla/ HTTP/1.1" 200 22950 "-" "WP Fastest Cache Preload Bot"
65.108.235.243 - - [16/Jun/2026:20:00:51 +0200] "GET /assistenza-candy-correggio/ HTTP/1.1" 200 22950 "-" "WP Fastest Cache Preload Bot"
65.108.235.243 - - [16/Jun/2026:20:00:51 +0200] "GET /assistenza-candy-reggio-emilia/ HTTP/1.1" 200 22934 "-" "WP Fastest Cache Preload Bot"
47.128.23.50 - - [16/Jun/2026:21:16:42 +0200] "GET /goldenlion-app-oder-mobilbrowser-erfahrung-2026-ein-umfassender-uberblick/ HTTP/2.0" 200 11800 "-" "Mozilla/5.0 (Linux; Android 5.0) AppleWebKit/537.36 (KHTML, like Gecko) Mobile Safari/537.36 (compatible; Bytespider; spider-feedback@bytedance.com)"
65.108.235.243 - - [16/Jun/2026:21:20:41 +0200] "POST /wp-cron.php?doing_wp_cron=1781637641.6620860099792480468750 HTTP/1.1" 200 1 "-" "WordPress/7.0; https://reggio-emilia.elettroservicegroup.it"
47.128.23.227 - - [16/Jun/2026:21:20:37 +0200] "GET /goldenlion-app-oder-mobilbrowser-erfahrung-2026-ein-umfassender-uberblick/ HTTP/2.0" 404 15874 "-" "Mozilla/5.0 (Linux; Android 5.0) AppleWebKit/537.36 (KHTML, like Gecko) Mobile Safari/537.36 (compatible; Bytespider; spider-feedback@bytedance.com)"
65.108.235.243 - - [16/Jun/2026:21:20:42 +0200] "GET /assistenza-bosch-rubiera/ HTTP/1.1" 200 22869 "-" "WP Fastest Cache Preload Bot"
47.128.23.227 - - [16/Jun/2026:21:20:42 +0200] "GET /wp-content/plugins/header-footer-elementor/inc/widgets-css/frontend.css?ver=2.8.8 HTTP/2.0" 404 17153 "https://reggio-emilia.elettroservicegroup.it/goldenlion-app-oder-mobilbrowser-erfahrung-2026-ein-umfassender-uberblick/" "Mozilla/5.0 (Linux; Android 5.0) AppleWebKit/537.36 (KHTML, like Gecko) Mobile Safari/537.36 (compatible; Bytespider; spider-feedback@bytedance.com)"
47.128.23.227 - - [16/Jun/2026:21:20:42 +0200] "GET /wp-content/plugins/elementor/assets/lib/font-awesome/css/brands.css?ver=5.15.3 HTTP/2.0" 507 - "https://reggio-emilia.elettroservicegroup.it/goldenlion-app-oder-mobilbrowser-erfahrung-2026-ein-umfassender-uberblick/" "Mozilla/5.0 (Linux; Android 5.0) AppleWebKit/537.36 (KHTML, like Gecko) Mobile Safari/537.36 (compatible; Bytespider; spider-feedback@bytedance.com)"
47.128.23.227 - - [16/Jun/2026:21:20:43 +0200] "GET /wp-content/uploads/2021/10/cropped-cropped-cropped-logo_white_background.png HTTP/2.0" 507 - "https://reggio-emilia.elettroservicegroup.it/goldenlion-app-oder-mobilbrowser-erfahrung-2026-ein-umfassender-uberblick/" "Mozilla/5.0 (Linux; Android 5.0) AppleWebKit/537.36 (KHTML, like Gecko) Mobile Safari/537.36 (compatible; Bytespider; spider-feedback@bytedance.com)"
47.128.23.227 - - [16/Jun/2026:21:20:42 +0200] "GET /wp-content/plugins/all-in-one-seo-pack/dist/Lite/assets/css/table-of-contents/global.e90f6d47.css?ver=4.9.8 HTTP/2.0" 404 17171 "https://reggio-emilia.elettroservicegroup.it/goldenlion-app-oder-mobilbrowser-erfahrung-2026-ein-umfassender-uberblick/" "Mozilla/5.0 (Linux; Android 5.0) AppleWebKit/537.36 (KHTML, like Gecko) Mobile Safari/537.36 (compatible; Bytespider; spider-feedback@bytedance.com)"
47.128.23.227 - - [16/Jun/2026:21:20:42 +0200] "GET /wp-includes/css/dist/block-library/style.min.css?ver=7.0 HTTP/2.0" 404 17156 "https://reggio-emilia.elettroservicegroup.it/goldenlion-app-oder-mobilbrowser-erfahrung-2026-ein-umfassender-uberblick/" "Mozilla/5.0 (Linux; Android 5.0) AppleWebKit/537.36 (KHTML, like Gecko) Mobile Safari/537.36 (compatible; Bytespider; spider-feedback@bytedance.com)"
47.128.23.227 - - [16/Jun/2026:21:20:42 +0200] "GET /wp-content/plugins/elementor/assets/css/frontend.min.css?ver=4.1.3 HTTP/2.0" 404 17153 "https://reggio-emilia.elettroservicegroup.it/goldenlion-app-oder-mobilbrowser-erfahrung-2026-ein-umfassender-uberblick/" "Mozilla/5.0 (Linux; Android 5.0) AppleWebKit/537.36 (KHTML, like Gecko) Mobile Safari/537.36 (compatible; Bytespider; spider-feedback@bytedance.com)"
47.128.23.227 - - [16/Jun/2026:21:20:42 +0200] "GET /wp-content/uploads/elementor/css/post-14366.css?ver=1781536291 HTTP/2.0" 404 17153 "https://reggio-emilia.elettroservicegroup.it/goldenlion-app-oder-mobilbrowser-erfahrung-2026-ein-umfassender-uberblick/" "Mozilla/5.0 (Linux; Android 5.0) AppleWebKit/537.36 (KHTML, like Gecko) Mobile Safari/537.36 (compatible; Bytespider; spider-feedback@bytedance.com)"
47.128.23.227 - - [16/Jun/2026:21:20:42 +0200] "GET /wp-content/plugins/complianz-gdpr-premium/assets/css/cookieblocker.min.css?ver=1781536286 HTTP/2.0" 404 17161 "https://reggio-emilia.elettroservicegroup.it/goldenlion-app-oder-mobilbrowser-erfahrung-2026-ein-umfassender-uberblick/" "Mozilla/5.0 (Linux; Android 5.0) AppleWebKit/537.36 (KHTML, like Gecko) Mobile Safari/537.36 (compatible; Bytespider; spider-feedback@bytedance.com)"
47.128.23.227 - - [16/Jun/2026:21:20:42 +0200] "GET /wp-content/uploads/elementor/css/post-14146.css?ver=1781536291 HTTP/2.0" 404 17152 "https://reggio-emilia.elettroservicegroup.it/goldenlion-app-oder-mobilbrowser-erfahrung-2026-ein-umfassender-uberblick/" "Mozilla/5.0 (Linux; Android 5.0) AppleWebKit/537.36 (KHTML, like Gecko) Mobile Safari/537.36 (compatible; Bytespider; spider-feedback@bytedance.com)"
47.128.23.227 - - [16/Jun/2026:21:20:42 +0200] "GET /wp-content/plugins/header-footer-elementor/assets/css/header-footer-elementor.css?ver=2.8.8 HTTP/2.0" 404 17161 "https://reggio-emilia.elettroservicegroup.it/goldenlion-app-oder-mobilbrowser-erfahrung-2026-ein-umfassender-uberblick/" "Mozilla/5.0 (Linux; Android 5.0) AppleWebKit/537.36 (KHTML, like Gecko) Mobile Safari/537.36 (compatible; Bytespider; spider-feedback@bytedance.com)"
47.128.23.227 - - [16/Jun/2026:21:20:42 +0200] "GET /wp-content/themes/generatepress/assets/css/main.min.css?ver=3.6.1 HTTP/2.0" 404 17157 "https://reggio-emilia.elettroservicegroup.it/goldenlion-app-oder-mobilbrowser-erfahrung-2026-ein-umfassender-uberblick/" "Mozilla/5.0 (Linux; Android 5.0) AppleWebKit/537.36 (KHTML, like Gecko) Mobile Safari/537.36 (compatible; Bytespider; spider-feedback@bytedance.com)"
47.128.23.227 - - [16/Jun/2026:21:20:42 +0200] "GET /wp-content/plugins/elementor/assets/lib/font-awesome/css/all.min.css?ver=4.1.3 HTTP/2.0" 404 17170 "https://reggio-emilia.elettroservicegroup.it/goldenlion-app-oder-mobilbrowser-erfahrung-2026-ein-umfassender-uberblick/" "Mozilla/5.0 (Linux; Android 5.0) AppleWebKit/537.36 (KHTML, like Gecko) Mobile Safari/537.36 (compatible; Bytespider; spider-feedback@bytedance.com)"
47.128.23.227 - - [16/Jun/2026:21:20:42 +0200] "GET /wp-content/plugins/elementor/assets/lib/font-awesome/css/v4-shims.min.css?ver=4.1.3 HTTP/2.0" 404 17173 "https://reggio-emilia.elettroservicegroup.it/goldenlion-app-oder-mobilbrowser-erfahrung-2026-ein-umfassender-uberblick/" "Mozilla/5.0 (Linux; Android 5.0) AppleWebKit/537.36 (KHTML, like Gecko) Mobile Safari/537.36 (compatible; Bytespider; spider-feedback@bytedance.com)"
47.128.23.227 - - [16/Jun/2026:21:20:42 +0200] "GET /wp-content/plugins/elementor/assets/lib/eicons/css/elementor-icons.min.css?ver=5.34.0 HTTP/2.0" 404 17168 "https://reggio-emilia.elettroservicegroup.it/goldenlion-app-oder-mobilbrowser-erfahrung-2026-ein-umfassender-uberblick/" "Mozilla/5.0 (Linux; Android 5.0) AppleWebKit/537.36 (KHTML, like Gecko) Mobile Safari/537.36 (compatible; Bytespider; spider-feedback@bytedance.com)"
47.128.23.227 - - [16/Jun/2026:21:20:42 +0200] "GET /wp-content/plugins/gp-premium/blog/functions/css/featured-images.min.css?ver=2.5.5 HTTP/2.0" 404 17166 "https://reggio-emilia.elettroservicegroup.it/goldenlion-app-oder-mobilbrowser-erfahrung-2026-ein-umfassender-uberblick/" "Mozilla/5.0 (Linux; Android 5.0) AppleWebKit/537.36 (KHTML, like Gecko) Mobile Safari/537.36 (compatible; Bytespider; spider-feedback@bytedance.com)"
47.128.23.227 - - [16/Jun/2026:21:20:42 +0200] "GET /wp-content/plugins/elementor/assets/css/widget-social-icons.min.css?ver=3.24.0 HTTP/2.0" 404 17161 "https://reggio-emilia.elettroservicegroup.it/goldenlion-app-oder-mobilbrowser-erfahrung-2026-ein-umfassender-uberblick/" "Mozilla/5.0 (Linux; Android 5.0) AppleWebKit/537.36 (KHTML, like Gecko) Mobile Safari/537.36 (compatible; Bytespider; spider-feedback@bytedance.com)"
47.128.23.227 - - [16/Jun/2026:21:20:43 +0200] "GET /wp-content/uploads/elementor/google-fonts/css/robotoslab.css?ver=1742255003 HTTP/2.0" 404 17156 "https://reggio-emilia.elettroservicegroup.it/goldenlion-app-oder-mobilbrowser-erfahrung-2026-ein-umfassender-uberblick/" "Mozilla/5.0 (Linux; Android 5.0) AppleWebKit/537.36 (KHTML, like Gecko) Mobile Safari/537.36 (compatible; Bytespider; spider-feedback@bytedance.com)"
47.128.23.227 - - [16/Jun/2026:21:20:43 +0200] "GET /wp-content/uploads/elementor/google-fonts/css/roboto.css?ver=1742255001 HTTP/2.0" 404 17151 "https://reggio-emilia.elettroservicegroup.it/goldenlion-app-oder-mobilbrowser-erfahrung-2026-ein-umfassender-uberblick/" "Mozilla/5.0 (Linux; Android 5.0) AppleWebKit/537.36 (KHTML, like Gecko) Mobile Safari/537.36 (compatible; Bytespider; spider-feedback@bytedance.com)"
47.128.23.227 - - [16/Jun/2026:21:20:42 +0200] "GET /wp-content/plugins/elementor/assets/lib/font-awesome/css/solid.css?ver=5.15.3 HTTP/2.0" 404 17169 "https://reggio-emilia.elettroservicegroup.it/goldenlion-app-oder-mobilbrowser-erfahrung-2026-ein-umfassender-uberblick/" "Mozilla/5.0 (Linux; Android 5.0) AppleWebKit/537.36 (KHTML, like Gecko) Mobile Safari/537.36 (compatible; Bytespider; spider-feedback@bytedance.com)"
47.128.23.227 - - [16/Jun/2026:21:20:42 +0200] "GET /wp-content/plugins/elementor/assets/lib/font-awesome/css/fontawesome.css?ver=5.15.3 HTTP/2.0" 404 17170 "https://reggio-emilia.elettroservicegroup.it/goldenlion-app-oder-mobilbrowser-erfahrung-2026-ein-umfassender-uberblick/" "Mozilla/5.0 (Linux; Android 5.0) AppleWebKit/537.36 (KHTML, like Gecko) Mobile Safari/537.36 (compatible; Bytespider; spider-feedback@bytedance.com)"
47.128.23.227 - - [16/Jun/2026:21:20:43 +0200] "GET /wp-content/plugins/gp-premium/menu-plus/functions/css/navigation-branding-flex.min.css?ver=2.5.5 HTTP/2.0" 404 17178 "https://reggio-emilia.elettroservicegroup.it/goldenlion-app-oder-mobilbrowser-erfahrung-2026-ein-umfassender-uberblick/" "Mozilla/5.0 (Linux; Android 5.0) AppleWebKit/537.36 (KHTML, like Gecko) Mobile Safari/537.36 (compatible; Bytespider; spider-feedback@bytedance.com)"
47.128.23.227 - - [16/Jun/2026:21:20:42 +0200] "GET /wp-content/plugins/elementor/assets/css/widget-icon-list.min.css?ver=3.24.3 HTTP/2.0" 404 17164 "https://reggio-emilia.elettroservicegroup.it/goldenlion-app-oder-mobilbrowser-erfahrung-2026-ein-umfassender-uberblick/" "Mozilla/5.0 (Linux; Android 5.0) AppleWebKit/537.36 (KHTML, like Gecko) Mobile Safari/537.36 (compatible; Bytespider; spider-feedback@bytedance.com)"
65.108.235.243 - - [16/Jun/2026:21:20:44 +0200] "GET /assistenza-bosch-scandiano/ HTTP/1.1" 200 22872 "-" "WP Fastest Cache Preload Bot"
47.128.23.227 - - [16/Jun/2026:21:20:51 +0200] "GET /wp-content/uploads/2021/10/cropped-logo_white_background.png HTTP/2.0" 404 79959 "https://reggio-emilia.elettroservicegroup.it/goldenlion-app-oder-mobilbrowser-erfahrung-2026-ein-umfassender-uberblick/" "Mozilla/5.0 (Linux; Android 5.0) AppleWebKit/537.36 (KHTML, like Gecko) Mobile Safari/537.36 (compatible; Bytespider; spider-feedback@bytedance.com)"
65.108.235.243 - - [16/Jun/2026:21:20:51 +0200] "GET /assistenza-bosch-santilario-denza/ HTTP/1.1" 200 22939 "-" "WP Fastest Cache Preload Bot"
47.128.23.227 - - [16/Jun/2026:21:20:52 +0200] "GET /wp-content/uploads/2021/10/cropped-cropped-cropped-logo_white_background.png HTTP/2.0" 404 80055 "https://reggio-emilia.elettroservicegroup.it/goldenlion-app-oder-mobilbrowser-erfahrung-2026-ein-umfassender-uberblick/" "Mozilla/5.0 (Linux; Android 5.0) AppleWebKit/537.36 (KHTML, like Gecko) Mobile Safari/537.36 (compatible; Bytespider; spider-feedback@bytedance.com)"
65.108.235.243 - - [16/Jun/2026:21:20:53 +0200] "GET /assistenza-bosch-guastalla/ HTTP/1.1" 200 22872 "-" "WP Fastest Cache Preload Bot"
65.108.235.243 - - [16/Jun/2026:21:20:56 +0200] "POST /wp-json/complianz/v1/wsc-scan HTTP/1.1" 400 88 "-" "WordPress/7.0; https://reggio-emilia.elettroservicegroup.it"
65.108.235.243 - - [16/Jun/2026:21:20:57 +0200] "POST /wp-admin/admin-ajax.php?action=wordfence_testAjax HTTP/1.1" 200 16 "-" "WordPress/7.0; https://reggio-emilia.elettroservicegroup.it"
65.108.235.243 - - [16/Jun/2026:21:20:58 +0200] "GET /wp-admin/admin-ajax.php?action=wordfence_doScan&isFork=0&scanMode=quick&cronKey=a21b857194812278e869ccf44fd67415&signature=4cb3332043c57bca40eb985d2fc93df4c74ce1cd1f49af7007068abc80192c30 HTTP/1.1" 200 1 "-" "WordPress/7.0; https://reggio-emilia.elettroservicegroup.it"
3.232.82.72 - - [16/Jun/2026:21:53:37 +0200] "GET /robots.txt HTTP/1.1" 200 11886 "-" "Mozilla/5.0 AppleWebKit/537.36 (KHTML, like Gecko; compatible; Amazonbot/0.1; +https://developer.amazon.com/support/amazonbot) Chrome/119.0.6045.214 Safari/537.36"
54.225.81.20 - - [16/Jun/2026:21:53:41 +0200] "GET / HTTP/1.1" 200 11862 "-" "Mozilla/5.0 AppleWebKit/537.36 (KHTML, like Gecko; compatible; Amazonbot/0.1; +https://developer.amazon.com/support/amazonbot) Chrome/119.0.6045.214 Safari/537.36"
65.108.235.243 - - [16/Jun/2026:21:59:02 +0200] "POST /wp-cron.php?doing_wp_cron=1781639942.6803069114685058593750 HTTP/1.1" 200 1 "-" "WordPress/7.0; https://reggio-emilia.elettroservicegroup.it"
114.119.154.115 - - [16/Jun/2026:21:59:00 +0200] "GET /robots.txt HTTP/1.1" 200 110 "https://reggio-emilia.elettroservicegroup.it/robots.txt" "Mozilla/5.0 (compatible;PetalBot;+https://webmaster.petalsearch.com/site/petalbot)"
65.108.235.243 - - [16/Jun/2026:21:59:03 +0200] "GET /assistenza-bosch-correggio/ HTTP/1.1" 200 22875 "-" "WP Fastest Cache Preload Bot"
65.108.235.243 - - [16/Jun/2026:21:59:04 +0200] "GET /assistenza-bosch-reggio-emilia/ HTTP/1.1" 200 22862 "-" "WP Fastest Cache Preload Bot"
65.108.235.243 - - [16/Jun/2026:21:59:04 +0200] "GET /assistenza-ariston-rubiera/ HTTP/1.1" 200 23036 "-" "WP Fastest Cache Preload Bot"
65.108.235.243 - - [16/Jun/2026:21:59:05 +0200] "GET /assistenza-ariston-scandiano/ HTTP/1.1" 200 23006 "-" "WP Fastest Cache Preload Bot"
65.108.235.243 - - [16/Jun/2026:22:12:30 +0200] "POST /wp-cron.php?doing_wp_cron=1781640750.6310911178588867187500 HTTP/1.1" 200 1 "-" "WordPress/7.0; https://reggio-emilia.elettroservicegroup.it"
183.253.72.63 - - [16/Jun/2026:22:12:28 +0200] "GET /wp-content/plugins/wp-file-manager/lib/php/connector.minimal.php HTTP/1.1" 404 15876 "-" "python-requests/2.32.5"
65.108.235.243 - - [16/Jun/2026:22:12:31 +0200] "GET /assistenza-ariston-santilario-denza/ HTTP/1.1" 200 23049 "-" "WP Fastest Cache Preload Bot"
65.108.235.243 - - [16/Jun/2026:22:12:31 +0200] "GET /assistenza-ariston-guastalla/ HTTP/1.1" 200 23076 "-" "WP Fastest Cache Preload Bot"
65.108.235.243 - - [16/Jun/2026:22:12:32 +0200] "GET /assistenza-ariston-correggio/ HTTP/1.1" 200 23036 "-" "WP Fastest Cache Preload Bot"
65.108.235.243 - - [16/Jun/2026:22:12:33 +0200] "GET /assistenza-ariston-reggio-emilia/ HTTP/1.1" 200 22999 "-" "WP Fastest Cache Preload Bot"
183.253.72.63 - - [16/Jun/2026:22:12:33 +0200] "GET /filemanager/connectors/php/connector.php HTTP/1.1" 404 15864 "-" "python-requests/2.32.5"
183.253.72.63 - - [16/Jun/2026:22:12:36 +0200] "GET /filemanager/connectors/php/connector.minimal.php HTTP/1.1" 404 15866 "-" "python-requests/2.32.5"
65.108.235.243 - - [16/Jun/2026:22:12:39 +0200] "POST /wp-cron.php?doing_wp_cron=1781640759.1263759136199951171875 HTTP/1.1" 200 1 "-" "WordPress/7.0; https://reggio-emilia.elettroservicegroup.it"
183.253.72.63 - - [16/Jun/2026:22:12:38 +0200] "GET /filemanager/connectors/php/elFinderConnector.class.php HTTP/1.1" 404 15877 "-" "python-requests/2.32.5"
183.253.72.63 - - [16/Jun/2026:22:12:40 +0200] "GET /elfinder/php/connector.minimal.php HTTP/1.1" 404 15864 "-" "python-requests/2.32.5"
183.253.72.63 - - [16/Jun/2026:22:12:42 +0200] "GET /elfinder/php/connector.minimal.php HTTP/1.1" 404 15864 "-" "python-requests/2.32.5"
183.253.72.63 - - [16/Jun/2026:22:12:44 +0200] "GET /elfinder/connector.minimal.php HTTP/1.1" 404 15862 "-" "python-requests/2.32.5"
183.253.72.63 - - [16/Jun/2026:22:12:46 +0200] "GET /elFinder/php/connector.minimal.php HTTP/1.1" 404 15864 "-" "python-requests/2.32.5"
183.253.72.63 - - [16/Jun/2026:22:12:49 +0200] "GET /lib/elfinder/php/connector.minimal.php HTTP/1.1" 404 15868 "-" "python-requests/2.32.5"
20.215.220.108 - - [16/Jun/2026:23:49:54 +0200] "GET / HTTP/2.0" 200 23321 "-" "Mozilla/5.0 AppleWebKit/537.36 (KHTML, like Gecko); compatible; ChatGPT-User/1.0; +https://openai.com/bot"
65.108.235.243 - - [17/Jun/2026:00:31:19 +0200] "POST /wp-cron.php?doing_wp_cron=1781649079.2645239830017089843750 HTTP/1.1" 200 1 "-" "WordPress/7.0; https://reggio-emilia.elettroservicegroup.it"
66.249.70.201 - - [17/Jun/2026:00:31:09 +0200] "GET /?p=19193 HTTP/1.1" 404 15818 "-" "Mozilla/5.0 (Linux; Android 6.0.1; Nexus 5X Build/MMB29P) AppleWebKit/537.36 (KHTML, like Gecko) Chrome/148.0.7778.96 Mobile Safari/537.36 (compatible; Googlebot/2.1; +http://www.google.com/bot.html)"
65.108.235.243 - - [17/Jun/2026:00:31:20 +0200] "GET /assistenza-aeg-rubiera/ HTTP/1.1" 200 22909 "-" "WP Fastest Cache Preload Bot"
65.108.235.243 - - [17/Jun/2026:00:31:22 +0200] "GET /assistenza-aeg-scandiano/ HTTP/1.1" 200 22942 "-" "WP Fastest Cache Preload Bot"
65.108.235.243 - - [17/Jun/2026:00:31:22 +0200] "GET /assistenza-aeg-santilario-denza/ HTTP/1.1" 200 22971 "-" "WP Fastest Cache Preload Bot"
65.108.235.243 - - [17/Jun/2026:00:31:23 +0200] "GET /assistenza-aeg-guastalla/ HTTP/1.1" 200 23031 "-" "WP Fastest Cache Preload Bot"
